NOAA-Style Climate Reports

Select a Year or Month report
2019: Jan Feb Mar Apr May Jun Jul Aug Sep Oct Nov Dec
2018: Jan Feb Mar Apr May Jun Jul Aug Sep Oct Nov Dec
2017: Jan Feb Mar Apr May Jun Jul Aug Sep Oct Nov Dec
2016: Jan Feb Mar Apr May Jun Jul Aug Sep Oct Nov Dec
2015: Jan Feb Mar Apr May Jun Jul Aug Sep Oct Nov Dec
2014: Jan Feb Mar Apr May Jun Jul Aug Sep Oct Nov Dec
2013: Jan Feb Mar Apr May Jun Jul Aug Sep Oct Nov Dec
2012: Jan Feb Mar Apr May Jun Jul Aug Sep Oct Nov Dec
2011: Jan Feb Mar Apr May Jun Jul Aug Sep Oct Nov Dec

Report for 2016 November
                   Monthly Climatological Summary for Nov 2016

Name: Lighthouse Rd. Woodbury, CT   City: Woodbury   State: CT
Elevation: 472 ft  Lat: N 41 33 12   Lon: W 073 13 27

                  Temperature (°F), Rain (in), Wind Speed (mph)

                                      Heat  Cool        Avg
    Mean                              Deg   Deg         Wind                 Dom
Day Temp  High   Time   Low    Time   Days  Days  Rain  Speed High   Time    Dir
----------------------------------------------------------------------------------
01  41.7  57.2   14:37  28.9   02:42  23.3   0.0  0.00   1.0   8.7   16:54     S
02  55.6  72.3   15:50  42.1   00:00  10.1   0.7  0.00   0.6   7.9   10:50   SSE
03  56.7  72.1   14:49  48.9   06:58   8.8   0.5  0.01   1.4  14.8   15:09   ESE
04  49.6  60.1   12:21  36.5   21:38  15.4   0.0  0.00   1.7  10.5   09:58   NNE
05  42.4  59.7   14:37  27.5   06:38  22.6   0.0  0.00   0.5   7.0   14:38   SSE
06  43.2  54.7   09:42  34.9   04:40  22.7   0.0  0.00   2.5  12.2   11:23     N
07  39.8  58.1   14:29  27.3   05:49  25.2   0.0  0.00   1.2  10.5   10:02   NNE
08  44.9  74.1   14:30  26.6   06:04  20.5   0.5  0.00   0.5   9.6   13:28   SSW
09  44.3  52.3   14:34  36.5   05:24  20.6   0.0  0.04   0.9   9.6   23:23     N
10  44.1  56.5   13:26  32.0   07:17  20.9   0.0  0.00   1.2   9.6   10:41   NNE
11  45.1  61.0   09:55  35.4   23:59  19.9   0.0  0.00   3.8  19.2   18:21   NNE
12  38.3  50.5   14:34  29.7   06:27  26.7   0.0  0.00   1.8  11.3   01:09   NNE
13  42.7  62.4   14:39  28.0   04:55  22.3   0.0  0.00   1.1  11.3   09:02   SSE
14  43.9  70.3   14:32  24.4   07:06  21.1   0.0  0.00   0.8   6.1   11:48     S
15  44.5  47.8   19:57  40.5   04:54  20.5   0.0  1.07   1.8   9.6   13:50   NNW
16  47.9  61.5   14:37  34.5   23:37  17.1   0.0  0.01   1.0   9.6   14:38   SSE
17  43.7  59.0   12:44  31.5   06:44  21.3   0.0  0.00   1.5  14.0   11:14     N
18  48.0  72.1   14:44  31.1   06:18  17.4   0.4  0.00   0.6   5.2   10:50   NNE
19  48.0  66.6   13:21  32.2   06:45  17.0   0.0  0.00   1.4   7.0   11:42   SSE
20  35.3  48.7   00:00  29.3   22:31  29.7   0.0  0.66   4.5  20.9   18:51   SSE
21  31.4  34.5   11:14  28.0   05:44  33.6   0.0  0.04   3.0  16.6   10:46   SSE
22  34.3  42.1   13:32  30.4   06:33  30.7   0.0  0.00   3.7  17.4   09:41    NE
23  32.6  41.2   13:28  28.0   05:47  32.4   0.0  0.00   1.8  12.2   10:41     N
24  36.7  44.2   13:01  30.2   00:00  28.3   0.0  0.07   1.2   7.0   15:53     N
25  43.8  51.1   13:47  38.5   00:00  21.2   0.0  0.00   0.2   4.4   15:31    NE
26  39.3  49.5   10:20  30.7   21:55  25.7   0.0  0.00   0.9   7.9   14:29     N
27  38.5  47.5   13:18  31.8   20:37  26.5   0.0  0.01   1.4  16.6   15:25    NE
28  35.9  50.9   14:27  26.1   06:31  29.1   0.0  0.00   0.9   8.7   11:53    NE
29  49.1  57.7   16:29  31.1   00:00  15.8   0.0  1.25   2.1  12.2   16:32   SSW
30  49.9  54.5   00:00  45.7   04:25  15.1   0.0  0.57   1.7  10.5   20:35   NNE
----------------------------------------------------------------------------------
    43.0  74.1     8    24.4    14   661.5   2.1  3.73   1.6  20.9    20      NE

Max >=  90.0  0
Max <=  32.0  0
Min <=  45.0 28
Min <=  32.0 19
Max Rain: 1.25 on day 29
Days of Rain: 4 (>= 0.25 in)  4 (>= 0.50 in)  2 (>= 1.00 in)
Heat Base: 65.0  Cool Base: 65.0  Method: Integration