NOAA-Style Climate Reports

Select a Year or Month report
2016: Jan Feb Mar Apr May Jun Jul Aug Sep Oct Nov Dec
2015: Jan Feb Mar Apr May Jun Jul Aug Sep Oct Nov Dec
2014: Jan Feb Mar Apr May Jun Jul Aug Sep Oct Nov Dec
2013: Jan Feb Mar Apr May Jun Jul Aug Sep Oct Nov Dec
2012: Jan Feb Mar Apr May Jun Jul Aug Sep Oct Nov Dec
2011: Jan Feb Mar Apr May Jun Jul Aug Sep Oct Nov Dec

Report for 2016 August
                   Monthly Climatological Summary for Aug 2016

Name: Lighthouse Rd. Woodbury, CT   City: Woodbury   State: CT
Elevation: 472 ft  Lat: N 41 33 12   Lon: W 073 13 27

                  Temperature (°F), Rain (in), Wind Speed (mph)

                                      Heat  Cool        Avg
    Mean                              Deg   Deg         Wind                 Dom
Day Temp  High   Time   Low    Time   Days  Days  Rain  Speed High   Time    Dir
----------------------------------------------------------------------------------
01  70.0  76.8   15:05  64.4   07:21   0.0   5.1  0.01   0.6   5.2   11:25   NNE
02  66.1  71.2   13:15  60.1   23:48   0.7   1.8  0.26   0.7   6.1   04:28   NNE
03  67.5  81.7   15:44  55.2   06:12   2.6   5.2  0.00   1.0   7.0   13:13   SSE
04  68.0  85.6   16:00  53.1   06:02   3.1   6.1  0.00   0.7   5.2   12:23   SSE
05  70.8  85.3   15:40  56.8   05:23   1.9   7.7  0.00   1.0   6.1   11:18   SSE
06  72.8  88.2   16:05  65.1   23:36   0.0   7.8  0.58   0.7  11.3   16:43    SW
07  71.7  85.8   14:55  59.2   06:29   1.0   7.7  0.00   0.9   8.7   14:07   SSE
08  70.2  85.8   16:15  57.2   06:04   1.7   6.9  0.00   0.7   8.7   15:37     S
09  70.5  86.4   15:04  54.3   06:16   2.7   8.1  0.00   0.7   7.0   16:23   SSW
10  73.5  83.7   15:56  65.1   03:16   0.0   8.5  0.13   0.3   7.0   14:41     N
11  79.4  92.3   15:00  71.6   22:33   0.0  14.4  0.77   0.8  14.0   21:16   WNW
12  78.7  92.1   14:48  70.5   04:13   0.0  13.4  0.01   1.0   8.7   10:11     N
13  81.1  93.9   14:01  71.1   05:38   0.0  16.1  0.00   0.8   7.0   13:50   SSW
14  78.8  91.8   15:37  71.1   06:44   0.0  13.8  0.32   1.2  10.5   12:56   ESE
15  76.2  86.5   15:40  67.6   05:21   0.0  11.2  0.00   0.8   8.7   11:19     E
16  76.0  84.6   13:02  69.1   01:11   0.0  11.0  0.04   1.3   7.9   18:35     S
17  74.2  80.4   15:17  65.7   23:55   0.0   9.2  0.14   1.9  11.3   13:39    SE
18  73.0  87.1   15:11  63.9   02:15   0.2   8.2  0.00   1.0   7.0   10:49   SSE
19  74.1  87.8   15:21  64.2   23:58   0.0   9.1  0.00   0.5   6.1   15:02     N
20  71.5  85.5   11:55  58.8   06:33   1.3   7.8  0.00   0.9   8.7   14:04     S
21  74.0  81.3   14:54  69.8   21:38   0.0   9.0  1.89   1.7   9.6   14:50     S
22  66.4  75.0   15:18  54.7   23:58   1.4   2.8  0.01   2.4  20.9   15:42    SE
23  63.4  80.4   15:54  48.6   06:31   5.4   3.8  0.00   0.7  10.5   14:54   SSE
----------------------------------------------------------------------------------
    72.5  93.9    13    48.6    23    22.0 194.7  4.16   1.0  20.9    22     SSE

Max >=  90.0  4
Max <=  32.0  0
Min <=  45.0  0
Min <=  32.0  0
Max Rain: 1.89 on day 21
Days of Rain: 5 (>= 0.25 in)  3 (>= 0.50 in)  1 (>= 1.00 in)
Heat Base: 65.0  Cool Base: 65.0  Method: Integration