NOAA-Style Climate Reports


Report for 2020 August
                   Monthly Climatological Summary for Aug 2020

Name: Lighthouse Rd. Woodbury, CT   City: Woodbury   State: CT
Elevation: 472 ft  Lat: N 41° 33' 11"   Lon: W 073° 13' 27"

                  Temperature (°F), Rain (in), Wind Speed (mph)

                                      Heat  Cool        Avg
    Mean                              Deg   Deg         Wind                 Dom
Day Temp  High   Time   Low    Time   Days  Days  Rain  Speed High   Time    Dir
----------------------------------------------------------------------------------
01  75.0  90.3   15:34  61.9   06:14   0.3  10.3  0.00   0.4   6.1   14:47    SE
02  73.9  79.0   16:52  68.2   04:03   0.0   8.9  0.06   1.0   7.0   17:43     S
03  77.1  88.2   15:26  68.5   23:52   0.0  12.1  0.19   0.9   9.6   16:00   ESE
04  70.1  76.8   11:38  67.1   23:29   0.0   5.2  0.80   2.5  33.2   15:12    SE
05  73.4  84.9   15:29  64.0   06:29   0.0   8.5  0.00   0.4   7.9   12:59   SSW
06  69.3  81.3   14:59  58.8   05:59   1.2   5.5  0.00   0.1   1.7   14:29    SW
07  69.7  80.1   16:29  63.7   01:59   0.2   4.9  0.05   0.4   3.5   11:59    NE
08  73.5  85.5   16:29  63.3   06:29   0.2   8.6  0.00   0.3   3.5   12:29   WNW
09  75.0  88.0   15:59  66.9   03:29   0.0  10.0  0.00   0.6  10.5   15:29   NNE
10  77.0  90.7   15:59  65.8   05:29   0.0  12.0  0.00   0.5   4.4   19:29   SSE
11  76.6  87.6   12:57  66.4   06:29   0.0  11.3  0.00   2.3   9.6   14:33     S
----------------------------------------------------------------------------------
    73.7  90.7    10    58.8     6     1.9  97.3  1.10   1.2  33.2     4     SSE

Max >=  90.0  2
Max <=  32.0  0
Min <=  45.0  0
Min <=  32.0  0
Max Rain: 0.80 on day 4
Days of Rain: 1 (>= 0.25 in)  1 (>= 0.50 in)  0 (>= 1.00 in)
Heat Base: 65.0  Cool Base: 65.0  Method: Integration