NOAA-Style Climate Reports

Select a Year or Month report
2015: Jan Feb Mar Apr May Jun Jul Aug Sep Oct Nov Dec
2014: Jan Feb Mar Apr May Jun Jul Aug Sep Oct Nov Dec
2013: Jan Feb Mar Apr May Jun Jul Aug Sep Oct Nov Dec
2012: Jan Feb Mar Apr May Jun Jul Aug Sep Oct Nov Dec
2011: Jan Feb Mar Apr May Jun Jul Aug Sep Oct Nov Dec

Report for 2015 March
                   Monthly Climatological Summary for Mar 2015

Name: Lighthouse Rd. Woodbury, CT   City: Woodbury   State: CT
Elevation: 472 ft  Lat: N 41 33 12   Lon: W 073 13 27

                  Temperature (?F), Rain (in), Wind Speed (mph)

                                      Heat  Cool        Avg
    Mean                              Deg   Deg         Wind                 Dom
Day Temp  High   Time   Low    Time   Days  Days  Rain  Speed High   Time    Dir
----------------------------------------------------------------------------------
01  16.2  24.4   13:42   2.3   03:53  48.8   0.0  0.01   0.6   7.0   12:54     S
02  28.4  37.9   14:25  22.3   23:50  36.6   0.0  0.04   3.1  20.9   14:03   NNE
03  22.7  32.4   23:29   9.0   06:53  42.3   0.0  0.07   2.7  12.2   15:51     S
04  37.1  43.5   13:37  32.0   00:02  27.9   0.0  0.39   0.9   8.7   13:49   SSW
05  24.4  36.7   00:29  14.4   23:59  40.6   0.0  0.07   2.5  11.3   12:33     N
06  17.7  30.9   14:57   5.5   06:29  47.3   0.0  0.00   1.9  12.2   00:15   NNE
07  24.0  39.2   14:26   5.0   06:26  41.0   0.0  0.01   2.0  19.2   15:38     S
08  33.4  48.9   11:46  23.2   06:40  30.2   0.0  0.00   1.7  17.4   12:27    SW
09  35.1  53.4   16:34  18.5   05:45  29.9   0.0  0.00   2.0  17.4   12:57   SSW
10  37.2  53.4   13:20  22.6   06:47  27.8   0.0  0.11   1.3  12.2   14:34     S
11  45.3  60.8   15:59  34.3   05:47  19.7   0.0  0.02   1.6  12.2   14:31   WSW
12  36.9  43.5   16:32  28.6   23:58  28.1   0.0  0.00   4.5  23.6   14:31     N
13  31.7  43.5   14:41  20.1   07:13  33.3   0.0  0.00   2.4  11.3   18:05     S
14  36.6  44.6   15:53  29.8   00:17  28.4   0.0  0.66   0.2   3.5   01:55     W
15  37.4  42.6   10:11  32.2   23:29  27.5   0.0  0.01   3.7  18.3   21:25     N
16  38.2  52.2   15:52  29.5   06:51  26.8   0.0  0.00   2.2  11.3   00:21     N
17  37.1  53.4   15:23  28.8   23:41  27.9   0.0  0.08   3.4  35.8   16:33     N
18  27.7  34.7   13:00  23.4   23:59  37.3   0.0  0.00   5.8  20.1   14:57     N
19  27.1  37.9   15:51  17.4   06:44  37.9   0.0  0.00   2.8  17.4   13:00     N
20  25.2  32.0   12:23  19.6   03:45  39.8   0.0  0.00   1.2   7.0   13:31    NE
21  33.9  47.1   16:30  25.2   00:00  31.1   0.0  0.18   1.2  14.8   16:16     S
22  30.4  38.5   00:08  20.1   23:46  34.6   0.0  0.00   3.8  23.6   16:09     N
23  24.5  34.3   15:08  15.6   06:37  40.5   0.0  0.00   2.9  16.6   08:47     N
24  28.9  43.2   15:51  18.0   07:09  36.1   0.0  0.00   1.7  11.3   13:40   NNE
25  32.4  49.1   13:52  17.6   06:54  32.6   0.0  0.13   2.4  16.6   13:40     S
26  39.9  46.4   18:08  33.8   03:31  25.1   0.0  0.41   1.0   5.2   12:44    SW
27  38.5  44.4   13:52  32.9   21:36  26.5   0.0  0.21   1.6  10.5   13:09   NNW
28  31.0  35.8   00:35  25.0   23:53  34.0   0.0  0.04   3.4  13.1   14:57     N
----------------------------------------------------------------------------------
    31.4  60.8    11     2.3     1   939.6   0.0  2.44   2.3  35.8    17       N

Max >=  90.0  0
Max <=  32.0  3
Min <=  45.0 28
Min <=  32.0 24
Max Rain: 0.66 on day 14
Days of Rain: 3 (>= 0.25 in)  1 (>= 0.50 in)  0 (>= 1.00 in)
Heat Base: 65.0  Cool Base: 65.0  Method: Integration