NOAA-Style Climate Reports


Report for 2021 April
                   Monthly Climatological Summary for Apr 2021

Name: Lighthouse Rd. Woodbury, CT   City: Woodbury   State: CT
Elevation: 472 ft  Lat: N 41° 33' 10"   Lon: W 073° 13' 27"

                  Temperature (°F), Rain (in), Wind Speed (mph)

                                      Heat  Cool        Avg
    Mean                              Deg   Deg         Wind                 Dom
Day Temp  High   Time   Low    Time   Days  Days  Rain  Speed High   Time    Dir
----------------------------------------------------------------------------------
01  41.6  53.8   00:00  31.8   22:51  23.4   0.0  0.22   2.2  16.0   15:45   NNW
02  29.8  34.5   16:06  23.9   06:35  35.2   0.0  0.00   1.7  15.0   03:02   NNW
03  37.7  54.9   16:20  22.3   06:43  27.3   0.0  0.00   1.3  12.0   09:53   NNW
04  43.3  63.5   15:52  26.6   03:25  21.7   0.0  0.00   1.1  15.0   16:28    NW
05  53.0  66.4   15:40  41.4   04:58  12.0   0.0  0.00   2.1  21.0   11:06   NNW
06  53.1  68.7   15:41  37.4   06:51  12.1   0.2  0.00   1.5  15.0   10:59   NNW
07  53.8  74.3   15:59  35.4   06:06  12.6   1.4  0.00   1.4  13.0   15:03     N
08  55.8  77.2   16:00  37.9   06:28  11.3   2.1  0.00   1.6  12.0   16:47   SSE
09  52.7  70.2   14:37  37.8   06:06  12.8   0.5  0.00   1.6  12.0   13:49   SSE
10  58.9  72.3   14:34  49.5   05:14   7.6   1.4  0.00   1.4  13.0   14:16     S
11  54.4  65.3   10:58  46.8   22:53  10.6   0.0  0.00   2.3  15.0   20:11   NNE
12  47.2  52.0   10:30  43.5   23:46  17.8   0.0  0.11   2.6  13.0   16:59   NNW
13  51.5  67.1   15:18  36.7   04:19  13.5   0.0  0.00   1.2  12.0   12:29    NW
14  57.2  77.5   14:49  41.7   06:49   9.7   1.9  0.00   1.7  13.0   15:47   SSE
15  46.0  50.0   14:46  36.1   23:22  19.0   0.0  1.80   1.0   7.0   16:08    NW
----------------------------------------------------------------------------------
    49.1  77.5    14    22.3     3   246.6   7.5  2.13   1.6  21.0     5     NNW

Max >=  90.0  0
Max <=  32.0  0
Min <=  45.0 13
Min <=  32.0  4
Max Rain: 1.80 on day 15
Days of Rain: 1 (>= 0.25 in)  1 (>= 0.50 in)  1 (>= 1.00 in)
Heat Base: 65.0  Cool Base: 65.0  Method: Integration