NOAA-Style Climate Reports

Select a Year or Month report
2016: Jan Feb Mar Apr May Jun Jul Aug Sep Oct Nov Dec
2015: Jan Feb Mar Apr May Jun Jul Aug Sep Oct Nov Dec
2014: Jan Feb Mar Apr May Jun Jul Aug Sep Oct Nov Dec
2013: Jan Feb Mar Apr May Jun Jul Aug Sep Oct Nov Dec
2012: Jan Feb Mar Apr May Jun Jul Aug Sep Oct Nov Dec
2011: Jan Feb Mar Apr May Jun Jul Aug Sep Oct Nov Dec

Report for 2016 April
                   Monthly Climatological Summary for Apr 2016

Name: Lighthouse Rd. Woodbury, CT   City: Woodbury   State: CT
Elevation: 472 ft  Lat: N 41 33 12   Lon: W 073 13 27

                  Temperature (°F), Rain (in), Wind Speed (mph)

                                      Heat  Cool        Avg
    Mean                              Deg   Deg         Wind                 Dom
Day Temp  High   Time   Low    Time   Days  Days  Rain  Speed High   Time    Dir
----------------------------------------------------------------------------------
01  61.5  76.1   15:35  51.6   23:59   4.5   1.0  0.09   4.5  14.8   15:19   SSW
02  47.3  52.9   15:52  39.6   23:11  17.7   0.0  0.19   1.7   9.6   14:13   SSW
03  33.0  40.8   00:16  26.8   23:51  32.0   0.0  0.31   4.2  23.6   14:20   ENE
04  26.5  28.6   03:05  24.1   04:21  38.5   0.0  0.01   3.1  10.5   14:48     N
05  28.6  37.6   15:57  19.9   06:13  36.4   0.0  0.09   3.8  14.8   12:43     N
06  33.1  45.9   13:58  16.9   06:34  31.8   0.0  0.00   4.3  16.6   18:14     S
07  49.1  55.4   10:07  39.2   03:07  15.9   0.0  0.38   4.8  19.2   16:02     S
08  42.4  49.1   15:29  33.8   23:59  22.6   0.0  0.00   3.6  23.6   14:38   SSW
09  37.2  46.4   11:44  24.8   06:33  27.8   0.0  0.00   2.2  11.3   19:15   NNE
10  38.7  51.8   15:56  26.6   06:13  26.3   0.0  0.00   3.9  14.0   14:22     S
11  47.5  61.0   15:31  39.7   05:33  17.5   0.0  0.05   4.1  14.0   09:51     S
12  48.1  56.5   16:00  37.8   23:56  16.9   0.0  0.37   3.3  11.3   05:43    SW
13  44.2  58.6   14:37  27.9   06:11  20.8   0.0  0.00   2.5  13.1   11:39   NNE
14  47.5  61.2   15:07  33.3   06:13  17.5   0.0  0.00   2.8  11.3   14:24    NE
15  48.0  67.3   15:49  30.4   05:35  17.0   0.0  0.00   2.5  13.1   08:56   NNE
16  50.1  65.1   15:08  31.3   05:55  14.9   0.0  0.00   3.9  15.7   08:42     N
17  54.3  78.3   15:42  31.6   05:56  12.7   2.0  0.00   2.1  10.5   12:15   ESE
18  60.0  82.9   15:41  37.6   06:22   9.3   4.3  0.00   2.4  11.3   13:22   ESE
19  55.3  66.4   14:30  45.0   04:14   9.7   0.0  0.00   3.7  15.7   08:06     N
20  53.6  68.4   14:51  41.2   05:58  11.4   0.0  0.00   3.0  11.3   12:28     N
21  55.5  76.1   15:21  32.9   05:57  11.6   2.1  0.00   2.9  14.8   13:02     S
22  65.4  81.3   13:02  51.4   06:18   3.9   4.2  0.04   2.3  12.2   14:44     S
23  58.7  66.7   13:53  46.0   23:39   6.3   0.0  0.20   3.3  17.4   11:30     N
24  51.3  63.9   14:50  38.5   03:05  13.7   0.0  0.00   2.9  18.3   13:29     N
25  55.4  68.4   16:11  46.0   00:54   9.7   0.1  0.00   1.7   8.7   11:53     S
26  45.2  54.3   00:03  40.5   23:43  19.8   0.0  0.20   2.9   9.6   14:36     N
27  49.5  66.4   15:42  34.9   05:47  15.5   0.0  0.00   2.3  11.3   13:39   ESE
28  49.0  64.9   13:05  34.0   06:05  16.0   0.0  0.01   2.8  10.5   16:20   ESE
29  49.0  59.9   14:12  40.8   23:43  16.0   0.0  0.25   2.7  13.1   14:25   SSE
30  51.7  67.3   13:23  41.0   00:00  13.3   0.0  0.08   2.4  10.5   14:28   SSE
----------------------------------------------------------------------------------
    47.9  82.9    18    16.9     6   527.0  13.7  2.27   3.1  23.6     3     ESE

Max >=  90.0  0
Max <=  32.0  1
Min <=  45.0 26
Min <=  32.0 10
Max Rain: 0.38 on day 7
Days of Rain: 4 (>= 0.25 in)  0 (>= 0.50 in)  0 (>= 1.00 in)
Heat Base: 65.0  Cool Base: 65.0  Method: Integration