NOAA-Style Climate Reports

Select a Year or Month report
2016: Jan Feb Mar Apr May Jun Jul Aug Sep Oct Nov Dec
2015: Jan Feb Mar Apr May Jun Jul Aug Sep Oct Nov Dec
2014: Jan Feb Mar Apr May Jun Jul Aug Sep Oct Nov Dec
2013: Jan Feb Mar Apr May Jun Jul Aug Sep Oct Nov Dec
2012: Jan Feb Mar Apr May Jun Jul Aug Sep Oct Nov Dec
2011: Jan Feb Mar Apr May Jun Jul Aug Sep Oct Nov Dec

Report for 2016 June
                   Monthly Climatological Summary for Jun 2016

Name: Lighthouse Rd. Woodbury, CT   City: Woodbury   State: CT
Elevation: 472 ft  Lat: N 41 33 12   Lon: W 073 13 27

                  Temperature (°F), Rain (in), Wind Speed (mph)

                                      Heat  Cool        Avg
    Mean                              Deg   Deg         Wind                 Dom
Day Temp  High   Time   Low    Time   Days  Days  Rain  Speed High   Time    Dir
----------------------------------------------------------------------------------
01  68.2  82.9   14:22  54.0   05:06   2.5   5.7  0.00   1.4   8.7   17:12    SE
02  65.6  77.7   14:28  55.9   03:25   3.0   3.5  0.00   1.6   8.7   14:50    SE
03  62.1  66.2   17:28  58.3   00:40   3.0   0.1  0.07   0.1   8.7   15:47    SE
04  72.0  83.5   15:44  62.6   06:13   0.4   7.4  0.00   0.5   5.2   17:30   SSW
05  64.6  68.5   00:00  62.8   06:09   0.7   0.4  1.32   1.1   9.6   11:57     S
06  71.5  81.7   14:57   0.0   22:17   0.4   5.7  0.00   1.9   9.6   12:55   ESE
07  67.5  81.7   12:28  57.4   23:32   2.3   4.7  0.07   1.3  14.0   11:38    SE
08  58.3  67.3   11:41  51.8   05:04   6.8   0.0  0.00   2.5  16.6   22:58   SSE
09  59.1  70.5   15:08  51.6   05:09   6.6   0.7  0.00   3.4  16.6   16:28    SE
10  60.6  74.3   15:38  47.3   01:26   6.3   2.0  0.00   2.2  13.1   11:27    SE
11  58.2  71.8   18:14  42.3   05:58   7.9   1.1  0.24   0.2   5.2   17:39    NW
12  65.3  78.4   09:12  55.9   23:24   2.9   3.2  0.00   3.5  16.6   21:09    SE
13  60.8  71.4   15:30  51.8   05:06   5.3   1.1  0.00   4.1  22.7   13:08    SE
14  63.6  76.8   14:18  50.5   05:34   4.6   3.2  0.00   2.2  13.1   09:00    SE
15  67.1  83.8   15:33  48.9   05:58   4.4   6.5  0.00   1.1  10.5   09:39   SSE
16  67.8  85.1   15:22  59.2   05:33   1.7   4.4  0.06   0.4   5.2   13:25    SW
17  66.8  78.8   14:48  59.0   04:24   1.6   3.4  0.00   1.3   7.9   19:24   NNE
18  67.8  87.1   16:01  49.6   05:27   4.3   7.0  0.00   1.0   7.9   13:03     S
19  67.3  83.8   13:07  52.2   05:41   3.4   5.7  0.00   1.4   7.9   18:11   SSE
20  68.4  85.1   13:50  53.6   04:28   3.1   6.5  0.00   1.3   7.9   14:57     S
21  71.8  84.6   13:14  60.6   23:55   0.7   7.5  0.00   1.4  11.3   13:30    SE
22  66.8  81.5   12:00  51.4   05:39   3.7   5.5  0.00   1.2  11.3   12:31    SE
23  57.3  76.6   17:36  50.0   05:24   9.5   1.8  0.00   0.0   2.6   18:38   NNW
24  70.1  84.4   13:55  57.9   05:58   1.4   6.5  0.00   1.3   6.1   17:46    NE
25  68.9  86.5   14:20  52.5   05:08   3.2   7.1  0.00   0.9   7.9   16:31     S
26  70.1  86.7   13:02  54.7   05:18   2.5   7.6  0.00   1.2   8.7   16:42     S
27  69.3  82.8   13:40  55.9   05:18   2.0   6.3  0.00   1.9  10.5   14:19     S
28  68.9  72.3   14:50  65.5   23:55   0.0   3.9  0.21   1.0   8.7   12:30     S
29  71.8  82.8   15:53  63.9   05:57   0.1   6.9  0.02   1.0   9.6   15:09   SSE
----------------------------------------------------------------------------------
    66.1  87.1    18     0.0     6    94.3 125.4  1.99   1.5  22.7    13      SE

Max >=  90.0  0
Max <=  32.0  0
Min <=  45.0  2
Min <=  32.0  1
Max Rain: 1.32 on day 5
Days of Rain: 1 (>= 0.25 in)  1 (>= 0.50 in)  1 (>= 1.00 in)
Heat Base: 65.0  Cool Base: 65.0  Method: Integration