NOAA-Style Climate Reports

Select a Year or Month report
2014: Jan Feb Mar Apr May Jun Jul Aug Sep Oct Nov Dec
2013: Jan Feb Mar Apr May Jun Jul Aug Sep Oct Nov Dec
2012: Jan Feb Mar Apr May Jun Jul Aug Sep Oct Nov Dec
2011: Jan Feb Mar Apr May Jun Jul Aug Sep Oct Nov Dec

Report for 2014 November
                   Monthly Climatological Summary for Nov 2014

Name: Lighthouse Rd. Woodbury, CT   City: Woodbury   State: CT
Elevation: 472 ft  Lat: N 41° 33' 12"   Lon: W 073° 13' 27"

                  Temperature (°F), Rain (in), Wind Speed (mph)

                                      Heat  Cool        Avg
    Mean                              Deg   Deg         Wind                 Dom
Day Temp  High   Time   Low    Time   Days  Days  Rain  Speed High   Time    Dir
----------------------------------------------------------------------------------
 1  43.5  46.6   14:19  40.5   21:03  21.9   0.0  0.17   3.8  10.5   04:59     N
 2  40.4  47.5   13:50  36.9   06:53  26.1   0.0  0.00   6.0  18.5   09:30     N
 3  43.6  61.0   14:33  30.2   05:53  21.4   0.0  0.00   1.8  13.7   11:59     S
 4  52.3  70.2   14:31  36.9   05:43  13.0   0.3  0.00   1.1   7.2   12:03     S
 5  52.1  63.0   11:56  42.1   23:44  12.9   0.0  0.00   0.8  11.3   14:52     S
 6  44.4  46.9   14:12  41.5   00:56  20.6   0.0  0.17   0.5   5.6   15:59   NNW
 7  42.9  49.5   10:33  34.9   23:58  22.1   0.0  0.00   2.5  16.1   15:27    NE
 8  38.6  50.7   13:54  27.9   06:31  27.0   0.0  0.00   1.4  10.5   12:52     S
 9  44.0  56.5   13:27  32.9   23:56  20.9   0.0  0.00   0.7   9.7   11:22    SE
10  44.0  66.0   14:51  28.8   06:14  21.4   0.0  0.00   0.9   8.9   11:03     S
11  49.5  63.9   12:43  35.4   02:21  15.5   0.0  0.00   1.1   9.7   12:32     S
12  51.9  68.5   13:19  37.6   23:42  13.3   0.0  0.00   1.2   9.7   13:20    SW
13  38.9  50.4   11:29  27.1   06:21  26.0   0.0  0.09   0.7   8.1   09:19   NNE
14  33.9  42.6   14:10  27.9   23:56  31.1   0.0  0.09   1.5  10.5   09:07   NNE
15  29.3  42.1   14:40  20.7   06:50  35.7   0.0  0.00   1.1  13.7   13:56   NNE
16  30.8  40.1   14:05  19.8   03:26  34.2   0.0  0.00   0.7   6.4   12:20     S
17  38.0  45.5   20:10  33.3   01:31  27.0   0.0  1.10   1.4   9.7   11:51    NW
18  30.8  42.8   00:00  19.6   23:56  34.2   0.0  0.00   4.1  22.5   11:10     S
19  25.2  34.7   14:34  17.8   06:38  39.8   0.0  0.00   2.6  12.9   02:05   SSE
20  34.1  46.2   14:39  22.5   05:10  30.9   0.0  0.00   2.8  20.9   12:33   SSW
----------------------------------------------------------------------------------
    40.4  70.2     4    17.8    19   495.0   0.3  1.62   1.8  22.5    18      SE

Max >=  90.0:  0
Max <=  32.0:  0
Min <=  45.0: 20
Min <=  32.0: 10
Max Rain: 1.10 on day 17
Days of Rain: 1 (>= 0.25 in)  1 (>= 0.50 in)  1 (>= 1.00 in)
Heat Base: 65.0  Cool Base: 65.0  Method: Integration