NOAA-Style Climate Reports


Report for 2019 May
                   Monthly Climatological Summary for May 2019

Name: Lighthouse Rd. Woodbury, CT   City: Woodbury   State: CT
Elevation: 472 ft  Lat: N 41 33 11   Lon: W 073 13 27

                  Temperature (°F), Rain (in), Wind Speed (mph)

                                      Heat  Cool        Avg
    Mean                              Deg   Deg         Wind                 Dom
Day Temp  High   Time   Low    Time   Days  Days  Rain  Speed High   Time    Dir
----------------------------------------------------------------------------------
01  47.5  52.9   14:57  43.2   04:12  17.5   0.0  0.01   1.5   7.9   12:40   SSE
02  55.6  73.4   14:09  45.9   00:00  10.5   1.1  0.01   1.6   8.7   15:44   ESE
03  50.8  55.2   12:28  47.8   05:14  14.2   0.0  0.21   1.0   6.1   07:18   SSE
04  58.9  67.8   11:56  51.1   05:44   6.6   0.5  0.20   0.5   5.2   12:11    SE
05  54.4  57.7   00:00  48.9   23:56  10.5   0.0  0.66   1.8  10.5   12:39     N
06  57.2  70.2   13:10  46.2   04:50   8.3   0.5  0.01   2.2  10.5   13:42   NNE
07  60.0  73.2   14:00  50.7   05:04   6.4   1.4  0.14   2.6  11.3   11:08   SSE
08  58.6  72.1   14:49  48.9   04:28   7.3   0.9  0.00   1.5  13.1   15:31   NNE
09  52.0  63.0   12:12  46.9   02:53  13.0   0.0  0.00   2.8  10.5   13:18    SE
10  57.3  68.4   17:38  49.5   03:09   8.0   0.3  0.05   1.5   7.9   23:47     S
11  57.3  67.1   14:17  48.2   06:39   7.7   0.1  0.07   1.9  13.1   09:43    NE
12  42.9  55.4   00:40  38.5   21:54  22.1   0.0  0.80   3.0  12.2   10:40     N
13  43.2  49.8   12:59  39.0   00:00  21.8   0.0  0.37   1.9  10.5   10:22     N
14  44.0  49.1   14:40  39.4   05:16  21.0   0.0  0.04   0.4   6.1   01:47     N
15  52.7  65.3   15:57  41.5   06:18  12.3   0.0  0.00   1.9  14.0   16:19   ENE
16  58.3  72.7   15:26  44.8   06:13   7.6   0.9  0.00   1.5  12.2   11:20   ENE
17  60.0  75.4   10:56  47.8   04:17   6.2   1.2  0.01   0.8  12.2   10:05   SSW
18  61.5  73.9   15:16  50.0   05:56   5.1   1.6  0.00   1.8  11.3   09:30   ENE
----------------------------------------------------------------------------------
    54.0  75.4    17    38.5    12   206.1   8.5  2.58   1.7  14.0    15     ENE

Max >=  90.0  0
Max <=  32.0  0
Min <=  45.0  6
Min <=  32.0  0
Max Rain: 0.80 on day 12
Days of Rain: 3 (>= 0.25 in)  2 (>= 0.50 in)  0 (>= 1.00 in)
Heat Base: 65.0  Cool Base: 65.0  Method: Integration