NOAA-Style Climate Reports

Select a Year or Month report
2019: Jan Feb Mar Apr May Jun Jul Aug Sep Oct Nov Dec
2018: Jan Feb Mar Apr May Jun Jul Aug Sep Oct Nov Dec
2017: Jan Feb Mar Apr May Jun Jul Aug Sep Oct Nov Dec
2016: Jan Feb Mar Apr May Jun Jul Aug Sep Oct Nov Dec
2015: Jan Feb Mar Apr May Jun Jul Aug Sep Oct Nov Dec
2014: Jan Feb Mar Apr May Jun Jul Aug Sep Oct Nov Dec
2013: Jan Feb Mar Apr May Jun Jul Aug Sep Oct Nov Dec
2012: Jan Feb Mar Apr May Jun Jul Aug Sep Oct Nov Dec
2011: Jan Feb Mar Apr May Jun Jul Aug Sep Oct Nov Dec

Report for 2018 December
                   Monthly Climatological Summary for Dec 2018

Name: Lighthouse Rd. Woodbury, CT   City: Woodbury   State: CT
Elevation: 472 ft  Lat: N 41 33 11   Lon: W 073 13 27

                  Temperature (°F), Rain (in), Wind Speed (mph)

                                      Heat  Cool        Avg
    Mean                              Deg   Deg         Wind                 Dom
Day Temp  High   Time   Low    Time   Days  Days  Rain  Speed High   Time    Dir
----------------------------------------------------------------------------------
01  34.3  43.0   13:40  25.3   07:15  30.7   0.0  0.06   0.4   7.0   11:41    SE
02  41.1  44.4   14:51  36.5   00:00  23.9   0.0  0.54   1.3   7.9   08:45   NNW
03  47.0  54.3   10:34  39.6   23:59  18.0   0.0  0.00   2.2  21.8   12:33     S
04  32.0  39.7   00:04  21.7   23:58  33.0   0.0  0.00   2.8  14.0   08:45     N
05  26.2  36.1   12:57  16.2   06:49  38.8   0.0  0.00   0.4   5.2   10:36   ENE
06  28.2  37.8   13:33  16.9   06:49  36.8   0.0  0.00   1.0  14.8   14:16   SSE
07  29.8  36.7   11:12  20.1   23:57  35.2   0.0  0.00   1.7  10.5   08:47     N
08  22.2  30.7   14:32  14.0   06:59  42.8   0.0  0.00   0.7  12.2   10:46    NE
09  22.4  32.5   13:13  12.4   06:26  42.6   0.0  0.00   0.5   8.7   12:54     S
10  25.4  38.1   13:17  15.4   06:18  39.5   0.0  0.00   0.9   7.9   10:14     N
11  25.4  37.6   13:39  13.5   06:24  39.6   0.0  0.00   0.8   8.7   12:27    SE
12  30.3  38.3   11:26  24.4   21:35  34.7   0.0  0.00   1.3  10.5   13:07     N
13  26.4  30.7   22:45  22.1   06:25  38.6   0.0  0.00   2.1   6.1   00:43     N
14  36.3  42.8   13:43  29.5   07:09  28.7   0.0  0.00   0.3   7.0   02:05   NNW
15  43.6  49.1   13:15  38.8   04:06  21.3   0.0  0.02   1.3  13.1   22:19   NNW
16  36.7  39.9   00:00  34.3   06:58  28.4   0.0  0.66   5.4  14.8   01:22   NNW
17  36.8  41.0   14:11  33.8   23:59  28.2   0.0  0.02   1.8  15.7   23:19    NE
18  25.8  33.8   00:00  20.7   23:12  39.2   0.0  0.00   4.7  19.2   06:23     N
19  26.7  39.6   13:39  16.7   07:21  38.3   0.0  0.00   0.7   7.9   10:33   SSE
20  32.7  43.7   13:35  19.2   06:55  32.3   0.0  0.17   0.7   6.1   23:59    NW
21  55.2  61.3   09:11  42.8   00:00   9.8   0.0  2.27   5.3  19.2   08:01     S
22  42.2  53.8   00:00  32.5   23:46  22.8   0.0  0.01   3.6  20.1   10:34    SE
23  32.9  41.2   13:40  28.8   06:04  32.1   0.0  0.00   1.0   7.9   11:43     N
24  32.8  39.9   13:49  28.9   04:45  32.2   0.0  0.06   0.5  14.8   20:17   SSE
25  32.1  38.7   13:40  23.7   23:37  32.9   0.0  0.00   1.3  11.3   11:23     N
26  28.6  39.9   13:44  20.8   02:34  36.4   0.0  0.00   0.8  10.5   10:47     S
27  32.6  38.7   11:20  26.1   07:11  32.4   0.0  0.00   0.7   6.1   08:51   NNE
28  46.1  54.5   20:51  34.3   00:00  18.9   0.0  0.65   2.3  12.2   11:49     S
29  44.5  52.5   00:00  29.3   23:57  20.5   0.0  0.00   2.9  14.0   11:32     N
30  30.3  34.2   14:55  27.0   06:59  34.7   0.0  0.00   0.3   6.1   12:47   SSE
31  34.7  41.0   23:47  27.3   03:37  30.3   0.0  0.96   1.7  13.1   21:41   SSE
----------------------------------------------------------------------------------
    33.6  61.3    21    12.4     9   973.6   0.0  5.42   1.7  21.8     3       N

Max >=  90.0  0
Max <=  32.0  2
Min <=  45.0 31
Min <=  32.0 23
Max Rain: 2.27 on day 21
Days of Rain: 5 (>= 0.25 in)  5 (>= 0.50 in)  1 (>= 1.00 in)
Heat Base: 65.0  Cool Base: 65.0  Method: Integration