NOAA-Style Climate Reports

Select a Year or Month report
2019: Jan Feb Mar Apr May Jun Jul Aug Sep Oct Nov Dec
2018: Jan Feb Mar Apr May Jun Jul Aug Sep Oct Nov Dec
2017: Jan Feb Mar Apr May Jun Jul Aug Sep Oct Nov Dec
2016: Jan Feb Mar Apr May Jun Jul Aug Sep Oct Nov Dec
2015: Jan Feb Mar Apr May Jun Jul Aug Sep Oct Nov Dec
2014: Jan Feb Mar Apr May Jun Jul Aug Sep Oct Nov Dec
2013: Jan Feb Mar Apr May Jun Jul Aug Sep Oct Nov Dec
2012: Jan Feb Mar Apr May Jun Jul Aug Sep Oct Nov Dec
2011: Jan Feb Mar Apr May Jun Jul Aug Sep Oct Nov Dec

Report for 2018 November
                   Monthly Climatological Summary for Nov 2018

Name: Lighthouse Rd. Woodbury, CT   City: Woodbury   State: CT
Elevation: 472 ft  Lat: N 41 33 11   Lon: W 073 13 27

                  Temperature (°F), Rain (in), Wind Speed (mph)

                                      Heat  Cool        Avg
    Mean                              Deg   Deg         Wind                 Dom
Day Temp  High   Time   Low    Time   Days  Days  Rain  Speed High   Time    Dir
----------------------------------------------------------------------------------
01  57.0  68.5   15:36  49.1   07:08   8.3   0.3  0.00   0.0   1.7   00:00     N
02  62.0  65.5   15:55  56.7   23:52   3.0   0.0  1.28   2.3   9.6   22:39     S
03  51.5  56.8   00:00  41.2   23:52  13.5   0.0  0.97   3.1  23.6   13:53     E
04  42.4  55.6   14:18  31.1   05:32  23.5   0.0  0.00   0.6   7.0   09:13    NE
05  42.7  46.4   14:54  39.6   01:42  22.3   0.0  0.05   1.7   7.0   15:17     N
06  44.2  44.2   00:00  44.2   00:00  20.8   0.0  0.00   1.7   0.9   00:00     N
07  53.7  66.4   14:12  44.2   00:00  11.3   0.0  0.61   1.7  14.0   10:11   SSW
08  42.4  54.3   13:56  32.0   23:57  22.6   0.0  0.00   0.0   2.6   00:05   NNW
09  37.9  44.6   15:31  27.3   05:28  27.1   0.0  0.44   1.1  11.3   21:33     N
10  39.7  46.9   10:49  30.0   23:31  25.3   0.0  0.02   2.9  20.9   12:23   SSE
11  34.1  45.7   14:02  26.2   23:52  30.9   0.0  0.00   1.1  11.3   12:56   NNE
12  35.2  49.6   13:12  22.8   05:25  29.8   0.0  0.02   1.0   9.6   12:59   SSE
13  41.5  47.1   10:48  37.0   23:24  23.5   0.0  1.06   1.9  12.2   23:38   NNW
14  31.0  37.8   00:01  25.5   23:59  34.0   0.0  0.00   3.1  18.3   15:13     N
15  25.5  28.6   23:55  23.2   17:08  39.5   0.0  0.01   2.6  14.8   23:06     N
16  35.3  41.9   13:49  28.6   00:00  29.7   0.0  0.15   3.9  18.3   22:12   NNW
17  40.2  48.2   10:29  35.6   01:38  24.8   0.0  0.00   1.4  13.1   09:33     S
18  35.6  38.7   13:12  31.6   06:57  29.4   0.0  0.00   0.2   4.4   11:06   ESE
19  38.9  45.3   13:14  34.7   00:00  26.1   0.0  0.00   0.3   5.2   11:44   NNW
20  35.9  40.5   14:28  30.0   21:32  29.1   0.0  0.05   0.8   7.9   15:13   NNW
21  32.7  41.4   13:04  21.4   23:57  32.3   0.0  0.00   3.0  17.4   13:20   SSE
22  16.4  24.1   13:18  11.1   23:57  48.6   0.0  0.01   3.4  15.7   10:36     N
23  18.4  31.5   14:18   5.2   06:52  46.6   0.0  0.00   1.1   7.9   12:12    SE
24  30.3  41.0   23:50  16.3   06:41  34.7   0.0  0.28   1.2   8.7   21:17    NW
25  44.9  52.9   13:57  40.1   23:58  20.1   0.0  0.25   2.1  10.5   01:51   NNW
26  41.5  46.8   13:28  36.1   06:26  23.5   0.0  0.84   4.0  19.2   20:48     N
27  37.8  44.6   12:37  33.1   23:33  27.2   0.0  0.18   3.3  17.4   00:40    SE
28  35.1  39.2   14:29  31.3   04:05  29.9   0.0  0.00   2.8  15.7   08:52    SE
29  37.2  44.1   11:29  32.5   22:33  27.8   0.0  0.00   4.0  20.9   11:53     N
30  32.5  37.0   13:04  27.3   05:31  32.5   0.0  0.01   0.1   7.0   01:15   SSW
----------------------------------------------------------------------------------
    38.5  68.5     1     5.2    23   797.7   0.3  6.23   1.9  23.6     3     NNE

Max >=  90.0  0
Max <=  32.0  3
Min <=  45.0 28
Min <=  32.0 17
Max Rain: 1.28 on day 2
Days of Rain: 8 (>= 0.25 in)  5 (>= 0.50 in)  2 (>= 1.00 in)
Heat Base: 65.0  Cool Base: 65.0  Method: Integration