NOAA-Style Climate Reports

Select a Year or Month report
2019: Jan Feb Mar Apr May Jun Jul Aug Sep Oct Nov Dec
2018: Jan Feb Mar Apr May Jun Jul Aug Sep Oct Nov Dec
2017: Jan Feb Mar Apr May Jun Jul Aug Sep Oct Nov Dec
2016: Jan Feb Mar Apr May Jun Jul Aug Sep Oct Nov Dec
2015: Jan Feb Mar Apr May Jun Jul Aug Sep Oct Nov Dec
2014: Jan Feb Mar Apr May Jun Jul Aug Sep Oct Nov Dec
2013: Jan Feb Mar Apr May Jun Jul Aug Sep Oct Nov Dec
2012: Jan Feb Mar Apr May Jun Jul Aug Sep Oct Nov Dec
2011: Jan Feb Mar Apr May Jun Jul Aug Sep Oct Nov Dec

Report for 2018 August
                   Monthly Climatological Summary for Aug 2018

Name: Lighthouse Rd. Woodbury, CT   City: Woodbury   State: CT
Elevation: 472 ft  Lat: N 41 33 11   Lon: W 073 13 27

                  Temperature (°F), Rain (in), Wind Speed (mph)

                                      Heat  Cool        Avg
    Mean                              Deg   Deg         Wind                 Dom
Day Temp  High   Time   Low    Time   Days  Days  Rain  Speed High   Time    Dir
----------------------------------------------------------------------------------
01  71.7  77.9   17:22  64.6   02:15   0.0   6.7  0.35   0.7   8.7   13:51   SSW
02  75.8  86.2   12:21  70.3   06:18   0.0  10.8  0.91   0.6   8.7   15:40     S
03  74.4  83.3   14:37  70.5   23:06   0.0   9.4  0.05   0.6  10.5   15:29     S
04  73.1  83.1   15:51  68.4   23:56   0.0   8.1  1.95   0.1   6.1   08:08   SSW
05  74.8  89.2   16:07  63.1   06:14   0.2  10.0  0.00   0.4   8.7   14:28     S
06  76.3  91.2   12:46  64.9   06:06   0.0  11.3  0.00   0.0   2.6   16:47    NW
07  76.0  87.6   14:22  68.2   06:18   0.0  11.0  0.32   0.5   6.1   12:24   SSW
08  75.4  87.6   15:14  68.2   05:34   0.0  10.4  0.35   0.3   6.1   18:35    SW
09  75.0  86.0   15:19  65.8   23:54   0.0  10.0  0.70   0.6   7.9   11:08   SSE
10  72.6  86.2   14:47  61.9   06:27   0.5   8.1  0.00   0.2   7.9   12:40     S
11  69.0  71.2   00:00  65.7   09:34   0.0   4.0  0.20   0.1   2.6   03:05     N
12  72.2  79.9   15:17  68.5   06:42   0.0   7.2  0.00   0.2   3.5   16:27     N
13  69.5  70.7   00:02  68.5   04:42   0.0   4.4  0.71   0.8   4.4   09:47     N
14  72.1  80.6   13:12  68.4   23:20   0.0   7.1  0.11   0.5  10.5   17:53   WSW
15  73.8  86.7   15:38  65.8   06:08   0.0   8.8  0.00   0.6  10.5   11:47    SE
16  74.8  87.4   15:48  64.8   06:34   0.0   9.8  0.00   0.4   8.7   12:22   SSE
17  74.6  85.1   15:11  66.2   06:06   0.0   9.6  0.73   0.7  10.5   22:41     S
18  72.0  81.7   13:14  66.6   23:45   0.0   7.0  1.15   0.2   7.0   15:41     N
19  67.1  72.7   15:45  62.6   21:30   0.3   2.4  0.00   1.4   7.0   07:40     N
20  68.0  74.3   16:53  62.8   03:53   0.5   3.5  0.00   0.7   7.0   11:07     N
21  68.0  77.0   15:02  61.3   05:22   0.6   3.7  0.00   1.0   7.9   14:29   SSE
22  71.2  80.6   16:14  65.7   23:20   0.0   6.2  0.34   0.7  10.5   13:00    SE
23  65.7  75.4   15:35  56.8   23:57   1.6   2.3  0.01   0.9  13.1   13:46   ESE
24  65.4  82.0   15:56  52.0   06:21   4.2   4.6  0.00   0.3   4.4   12:09   SSW
25  66.0  77.2   12:06  56.1   06:25   2.7   3.7  0.00   0.3   4.4   11:49     S
26  67.8  80.6   15:13  54.9   05:30   3.0   5.8  0.00   0.6   7.0   13:23   SSE
27  74.0  86.2   15:45  63.9   06:52   0.1   9.1  0.00   0.2   7.0   13:07   WNW
28  77.9  89.2   13:08  68.2   06:34   0.0  12.9  0.00   0.5   7.9   12:21    NW
29  79.0  90.1   14:37  69.8   06:21   0.0  14.0  0.00   0.7   9.6   10:37   NNW
30  75.8  85.8   16:03  69.4   22:06   0.0  10.8  0.00   0.7   8.7   10:29     E
31  67.6  71.6   11:57  63.3   05:53   0.2   2.8  0.00   0.4   5.2   09:20   NNE
----------------------------------------------------------------------------------
    72.1  91.2     6    52.0    24    13.9 235.5  7.88   0.5  13.1    23     SSE

Max >=  90.0  2
Max <=  32.0  0
Min <=  45.0  0
Min <=  32.0  0
Max Rain: 1.95 on day 4
Days of Rain: 10 (>= 0.25 in)  6 (>= 0.50 in)  2 (>= 1.00 in)
Heat Base: 65.0  Cool Base: 65.0  Method: Integration