NOAA-Style Climate Reports

Select a Year or Month report
2019: Jan Feb Mar Apr May Jun Jul Aug Sep Oct Nov Dec
2018: Jan Feb Mar Apr May Jun Jul Aug Sep Oct Nov Dec
2017: Jan Feb Mar Apr May Jun Jul Aug Sep Oct Nov Dec
2016: Jan Feb Mar Apr May Jun Jul Aug Sep Oct Nov Dec
2015: Jan Feb Mar Apr May Jun Jul Aug Sep Oct Nov Dec
2014: Jan Feb Mar Apr May Jun Jul Aug Sep Oct Nov Dec
2013: Jan Feb Mar Apr May Jun Jul Aug Sep Oct Nov Dec
2012: Jan Feb Mar Apr May Jun Jul Aug Sep Oct Nov Dec
2011: Jan Feb Mar Apr May Jun Jul Aug Sep Oct Nov Dec

Report for 2018 April
                   Monthly Climatological Summary for Apr 2018

Name: Lighthouse Rd. Woodbury, CT   City: Woodbury   State: CT
Elevation: 472 ft  Lat: N 41 33 12   Lon: W 073 13 27

                  Temperature (°F), Rain (in), Wind Speed (mph)

                                      Heat  Cool        Avg
    Mean                              Deg   Deg         Wind                 Dom
Day Temp  High   Time   Low    Time   Days  Days  Rain  Speed High   Time    Dir
----------------------------------------------------------------------------------
01  44.4  56.1   11:54  34.0   23:56  20.6   0.0  0.00   3.0  18.3   15:46     S
02  33.8  43.9   16:26  29.1   06:07  31.2   0.0  0.06   0.4   7.9   17:37    NE
03  32.8  37.6   10:57  25.3   06:32  32.2   0.0  0.58   0.4   9.6   16:06    SE
04  41.6  53.2   16:45  35.4   00:05  23.4   0.0  0.15   2.6  24.4   22:27   SSE
05  34.9  43.3   14:29  28.9   06:31  30.1   0.0  0.00   4.4  25.3   16:59   SSE
06  33.3  45.7   17:26  21.9   05:16  31.8   0.0  0.09   0.2   7.0   09:57   SSE
07  38.2  46.4   15:30  30.4   23:55  26.8   0.0  0.00   2.2  14.0   10:49     N
08  33.5  45.9   13:35  26.8   06:39  31.5   0.0  0.00   2.8  13.1   16:51   NNW
09  35.6  48.4   15:26  24.3   05:40  29.4   0.0  0.00   1.7  10.5   14:46   ENE
10  36.3  44.2   17:10  28.4   23:25  28.7   0.0  0.11   0.4   7.0   16:55     N
11  37.7  53.4   14:57  21.7   06:08  27.3   0.0  0.00   1.7  13.1   13:37   SSE
12  43.8  60.1   13:34  27.7   05:55  21.1   0.0  0.02   2.2  13.1   14:58   SSE
13  57.5  78.3   15:16  39.7   06:43   9.8   2.4  0.00   1.6  10.5   15:57   SSE
14  56.1  74.3   15:25  41.2   23:58  10.0   1.0  0.00   3.6  17.4   22:20    NE
15  35.9  41.2   00:00  32.0   23:25  29.1   0.0  0.02   8.1  17.4   11:00     N
16  41.2  55.4   16:59  32.2   00:10  23.8   0.0  1.72   6.3  20.1   03:53   NNW
17  40.8  49.8   13:08  33.8   23:28  24.2   0.0  0.02   2.9  20.9   13:55   SSE
18  40.3  51.6   15:49  30.4   06:06  24.7   0.0  0.00   2.7  16.6   17:18   SSE
19  37.4  42.1   15:57  33.1   00:26  27.6   0.0  0.18   1.3  12.2   17:43     N
20  39.2  50.4   15:21  30.9   05:49  25.7   0.0  0.00   4.3  20.1   06:59     N
21  45.8  62.1   15:43  30.2   06:26  19.2   0.0  0.00   2.4  12.2   11:55   NNE
22  49.2  64.9   15:09  32.0   06:56  15.8   0.0  0.00   2.0  18.3   13:32     N
23  50.4  69.6   15:03  32.7   03:47  14.8   0.2  0.00   2.6  13.1   16:50    SE
24  50.8  68.2   12:40  31.3   06:06  14.3   0.1  0.00   3.3  13.1   14:26   SSE
25  53.1  57.0   13:38  47.7   04:13  11.9   0.0  0.31   1.3   7.0   08:42   NNW
26  56.9  66.4   14:10  46.2   23:47   8.1   0.0  0.01   2.3  16.6   12:42    SE
27  48.0  54.5   09:57  40.6   05:21  17.0   0.0  0.15   0.7   8.7   12:30    NE
28  56.3  70.7   14:56  46.8   06:33   9.3   0.6  0.00   2.9  13.1   15:42   SSE
29  47.2  55.0   14:56  39.4   23:21  18.0   0.0  0.32   1.6  14.0   14:57   NNW
30  43.6  49.6   15:29  38.7   02:06  21.4   0.0  0.00   2.2  13.1   17:58   NNE
----------------------------------------------------------------------------------
    43.2  78.3    13    21.7    11   658.8   4.3  3.74   2.5  25.3     5     ENE

Max >=  90.0  0
Max <=  32.0  0
Min <=  45.0 27
Min <=  32.0 16
Max Rain: 1.72 on day 16
Days of Rain: 4 (>= 0.25 in)  2 (>= 0.50 in)  1 (>= 1.00 in)
Heat Base: 65.0  Cool Base: 65.0  Method: Integration