NOAA-Style Climate Reports

Select a Year or Month report
2019: Jan Feb Mar Apr May Jun Jul Aug Sep Oct Nov Dec
2018: Jan Feb Mar Apr May Jun Jul Aug Sep Oct Nov Dec
2017: Jan Feb Mar Apr May Jun Jul Aug Sep Oct Nov Dec
2016: Jan Feb Mar Apr May Jun Jul Aug Sep Oct Nov Dec
2015: Jan Feb Mar Apr May Jun Jul Aug Sep Oct Nov Dec
2014: Jan Feb Mar Apr May Jun Jul Aug Sep Oct Nov Dec
2013: Jan Feb Mar Apr May Jun Jul Aug Sep Oct Nov Dec
2012: Jan Feb Mar Apr May Jun Jul Aug Sep Oct Nov Dec
2011: Jan Feb Mar Apr May Jun Jul Aug Sep Oct Nov Dec

Report for 2017 December
                   Monthly Climatological Summary for Dec 2017

Name: Lighthouse Rd. Woodbury, CT   City: Woodbury   State: CT
Elevation: 472 ft  Lat: N 41 33 12   Lon: W 073 13 27

                  Temperature (°F), Rain (in), Wind Speed (mph)

                                      Heat  Cool        Avg
    Mean                              Deg   Deg         Wind                 Dom
Day Temp  High   Time   Low    Time   Days  Days  Rain  Speed High   Time    Dir
----------------------------------------------------------------------------------
01  37.4  47.8   13:30  26.6   23:45  27.6   0.0  0.04   1.1   8.7   12:25     N
02  32.3  44.4   13:35  20.7   06:40  32.7   0.0  0.00   0.5   5.2   11:29   ESE
03  33.6  42.3   14:43  25.7   07:03  31.4   0.0  0.00   0.0   1.7   01:17     N
04  36.3  49.3   14:47  23.4   07:06  28.7   0.0  0.00   0.6   6.1   13:20     S
05  47.6  55.0   17:41  41.0   00:00  17.4   0.0  0.40   4.3  13.1   18:33   SSW
06  40.7  48.9   00:00  30.6   23:30  24.3   0.0  0.06   2.1  24.4   03:34     S
07  35.1  45.5   13:40  25.7   07:06  29.9   0.0  0.00   1.4  16.6   09:41     S
08  31.5  36.7   12:23  25.7   07:54  33.5   0.0  0.00   0.5   6.1   03:31   SSW
09  27.8  32.2   09:07  24.6   16:31  37.2   0.0  0.01   0.5   5.2   09:37     N
10  30.4  38.5   13:34  23.7   04:51  34.6   0.0  0.08   1.3  12.2   12:07     S
11  32.2  40.5   11:50  27.5   04:56  32.8   0.0  0.00   1.0  12.2   10:50   SSW
12  31.6  36.3   07:00  27.1   23:54  33.4   0.0  0.43   1.5  19.2   21:07     N
13  21.3  27.3   00:00  16.3   06:50  43.7   0.0  0.00   5.1  22.7   13:23   SSE
14  20.8  29.3   14:39  11.3   23:08  44.2   0.0  0.00   1.5  12.2   13:37     N
15  16.3  24.8   14:54   5.7   06:37  48.7   0.0  0.00   0.3   4.4   11:39   SSE
16  24.8  32.9   13:59  13.6   04:03  40.2   0.0  0.01   1.0  11.3   06:12   SSW
17  21.4  21.4   00:00  21.4   00:00  43.6   0.0  0.00   0.0   0.0   00:00     N
18  29.7  63.5   07:11  21.4   00:00  34.9   0.0  0.01   0.2   2.6   07:53   NNE
19  41.3  52.0   12:42  31.8   01:25  23.7   0.0  0.01   1.4  19.2   14:51   SSW
20  37.6  47.7   00:31  29.7   23:59  27.4   0.0  0.00   1.8  14.0   12:23   WSW
21  29.6  35.2   13:56  25.9   23:55  35.4   0.0  0.00   1.7  11.3   09:07     N
22  28.3  32.4   13:57  24.8   00:49  36.7   0.0  0.00   2.0   7.9   17:17     N
23  26.6  32.4   21:25  23.4   02:40  38.4   0.0  0.06   1.6  11.3   23:25     N
24  33.3  37.4   12:33  27.7   23:32  31.7   0.0  0.00   3.3  12.2   21:05     N
25  28.5  36.1   11:29  22.1   23:48  36.5   0.0  0.05   3.7  25.3   10:30    SW
26  20.2  27.0   12:11   7.5   23:59  44.8   0.0  0.00   2.8  17.4   09:59   SSW
27  12.9  22.6   11:17   5.4   23:48  52.1   0.0  0.00   1.2  11.3   09:50    NE
28   6.4  14.2   13:42  -1.3   03:52  58.6   0.0  0.00   2.6  17.4   15:39   NNE
29   8.6  18.0   13:44   1.6   23:10  56.4   0.0  0.00   1.6   9.6   10:22    NE
30   7.0  18.1   14:54  -1.1   05:50  58.0   0.0  0.00   0.1   3.5   22:38   SSW
31   6.0  11.7   10:08  -1.7   03:54  59.0   0.0  0.00   2.6  14.8   10:09   NNE
----------------------------------------------------------------------------------
    27.0  63.5    18    -1.7    31  1177.5   0.0  1.16   1.6  25.3    25       S

Max >=  90.0  0
Max <=  32.0 10
Min <=  45.0 31
Min <=  32.0 30
Max Rain: 0.43 on day 12
Days of Rain: 2 (>= 0.25 in)  0 (>= 0.50 in)  0 (>= 1.00 in)
Heat Base: 65.0  Cool Base: 65.0  Method: Integration