NOAA-Style Climate Reports

Select a Year or Month report
2019: Jan Feb Mar Apr May Jun Jul Aug Sep Oct Nov Dec
2018: Jan Feb Mar Apr May Jun Jul Aug Sep Oct Nov Dec
2017: Jan Feb Mar Apr May Jun Jul Aug Sep Oct Nov Dec
2016: Jan Feb Mar Apr May Jun Jul Aug Sep Oct Nov Dec
2015: Jan Feb Mar Apr May Jun Jul Aug Sep Oct Nov Dec
2014: Jan Feb Mar Apr May Jun Jul Aug Sep Oct Nov Dec
2013: Jan Feb Mar Apr May Jun Jul Aug Sep Oct Nov Dec
2012: Jan Feb Mar Apr May Jun Jul Aug Sep Oct Nov Dec
2011: Jan Feb Mar Apr May Jun Jul Aug Sep Oct Nov Dec

Report for 2015 December
                   Monthly Climatological Summary for Dec 2015

Name: Lighthouse Rd. Woodbury, CT   City: Woodbury   State: CT
Elevation: 472 ft  Lat: N 41 33 12   Lon: W 073 13 27

                  Temperature (?F), Rain (in), Wind Speed (mph)

                                      Heat  Cool        Avg
    Mean                              Deg   Deg         Wind                 Dom
Day Temp  High   Time   Low    Time   Days  Days  Rain  Speed High   Time    Dir
----------------------------------------------------------------------------------
01  37.6  42.1   11:34  33.3   00:25  27.4   0.0  0.21   2.3   8.7   12:10     N
02  43.0  49.6   21:37  37.9   00:00  22.0   0.0  0.40   0.7   8.7   11:41   NNW
03  44.2  49.6   14:01  36.0   21:56  20.8   0.0  0.00   2.4  14.8   10:15    NE
04  38.8  49.1   13:40  27.5   07:07  26.2   0.0  0.00   1.2  10.5   13:06     W
05  38.2  54.7   13:19  26.8   07:33  26.8   0.0  0.00   0.7   5.2   10:59   NNE
06  35.7  57.0   14:50  23.2   07:17  29.3   0.0  0.00   0.7   7.0   13:07     S
07  37.6  57.7   13:39  25.3   07:11  27.4   0.0  0.00   1.0   7.0   14:53     S
08  40.2  48.6   12:27  33.8   22:02  24.8   0.0  0.00   2.2   8.7   02:47     N
09  39.6  48.0   23:39  27.9   06:35  25.4   0.0  0.00   1.2   6.1   12:33     S
10  49.6  60.8   13:14  39.0   23:55  15.4   0.0  0.00   1.3   7.0   10:51     S
11  46.9  59.4   14:19  37.9   04:16  18.1   0.0  0.00   1.0   9.6   12:18   SSW
12  54.7  64.0   14:04  44.1   07:50  10.3   0.0  0.00   1.0  10.5   12:30   SSE
13  54.0  59.0   12:38  50.2   04:26  11.0   0.0  0.00   1.5   7.0   21:52     E
14  52.3  59.7   23:51  47.1   07:06  12.7   0.0  0.33   1.6   9.6   19:29     S
15  54.5  61.0   02:39  43.0   23:34  10.5   0.0  0.06   4.1  19.2   13:46   SSE
16  42.0  50.5   14:06  31.8   07:26  23.0   0.0  0.01   2.1   9.6   10:36    SE
17  48.4  53.8   15:51  41.2   00:15  16.6   0.0  0.72   1.2   6.1   14:55   SSW
18  43.0  51.8   01:51  32.9   23:59  21.9   0.0  0.00   2.0  10.5   21:49     N
19  33.5  39.2   11:07  29.8   02:13  31.5   0.0  0.01   4.3  24.4   09:47     S
20  32.2  42.8   13:41  25.2   23:59  32.8   0.0  0.00   1.5  13.1   11:27     S
21  38.6  50.4   23:59  24.1   06:47  25.6   0.0  0.00   1.7  11.3   13:26   SSW
22  51.2  55.8   16:28  44.6   23:27  13.8   0.0  0.13   1.8   8.7   12:02   SSW
23  48.3  54.7   14:08  41.4   06:11  16.7   0.0  1.13   1.7   8.7   18:23   NNW
24  59.4  68.0   14:33  48.2   23:56   5.9   0.3  0.04   1.5  10.5   11:21   SSW
25  51.8  63.1   15:09  42.6   08:11  13.2   0.0  0.00   0.7   7.9   23:32     N
26  48.0  53.8   00:00  44.8   06:43  17.0   0.0  0.00   2.5  10.5   11:51     N
27  48.0  57.4   15:43  39.2   23:55  17.0   0.0  0.19   1.8  14.0   18:22   ESE
28  33.5  39.6   11:41  26.6   23:57  31.5   0.0  0.00   4.2  12.2   03:15   NNE
29  31.1  34.9   14:39  25.3   01:33  33.9   0.0  0.14   3.9  12.2   02:51     N
30  32.6  34.7   23:39  31.1   06:31  32.4   0.0  0.21   1.0   7.0   21:48   NNW
31  38.1  46.0   11:13  33.8   00:29  26.9   0.0  0.12   0.6   9.6   10:39   WNW
----------------------------------------------------------------------------------
    43.4  68.0    24    23.2     6   667.8   0.3  3.70   1.8  24.4    19     ESE

Max >=  90.0  0
Max <=  32.0  0
Min <=  45.0 28
Min <=  32.0 12
Max Rain: 1.13 on day 23
Days of Rain: 4 (>= 0.25 in)  2 (>= 0.50 in)  1 (>= 1.00 in)
Heat Base: 65.0  Cool Base: 65.0  Method: Integration