NOAA-Style Climate Reports

Select a Year or Month report
2019: Jan Feb Mar Apr May Jun Jul Aug Sep Oct Nov Dec
2018: Jan Feb Mar Apr May Jun Jul Aug Sep Oct Nov Dec
2017: Jan Feb Mar Apr May Jun Jul Aug Sep Oct Nov Dec
2016: Jan Feb Mar Apr May Jun Jul Aug Sep Oct Nov Dec
2015: Jan Feb Mar Apr May Jun Jul Aug Sep Oct Nov Dec
2014: Jan Feb Mar Apr May Jun Jul Aug Sep Oct Nov Dec
2013: Jan Feb Mar Apr May Jun Jul Aug Sep Oct Nov Dec
2012: Jan Feb Mar Apr May Jun Jul Aug Sep Oct Nov Dec
2011: Jan Feb Mar Apr May Jun Jul Aug Sep Oct Nov Dec

Report for 2015 June
                   Monthly Climatological Summary for Jun 2015

Name: Lighthouse Rd. Woodbury, CT   City: Woodbury   State: CT
Elevation: 472 ft  Lat: N 41 33 12   Lon: W 073 13 27

                  Temperature (?F), Rain (in), Wind Speed (mph)

                                      Heat  Cool        Avg
    Mean                              Deg   Deg         Wind                 Dom
Day Temp  High   Time   Low    Time   Days  Days  Rain  Speed High   Time    Dir
----------------------------------------------------------------------------------
01  49.1  51.6   00:03  45.7   22:39  15.9   0.0  1.19   2.9   7.0   13:59     N
02  48.6  51.8   14:24  45.7   00:07  16.4   0.0  0.31   1.2   5.2   10:24     N
03  56.6  73.2   15:12  44.1   06:12   9.2   0.8  0.00   1.3   6.1   10:52   SSE
04  57.3  70.3   14:58  47.7   05:22   8.0   0.3  0.00   1.1   7.0   17:59   SSE
05  61.1  73.6   15:34  50.0   05:40   5.5   1.7  0.00   0.7   6.1   17:04     S
06  63.2  73.8   13:38  51.8   23:52   3.7   1.9  0.00   1.2  10.5   15:05     E
07  59.5  76.3   15:42  42.4   05:43   7.6   2.2  0.00   1.7   8.7   17:40     S
08  63.5  73.4   16:43  54.7   00:14   3.3   1.8  0.02   2.5  12.2   13:47     S
09  67.0  78.6   15:00  61.9   23:59   0.7   2.8  0.18   1.2  12.2   14:46     S
10  68.0  81.7   15:31  54.0   05:51   2.7   5.7  0.00   1.2   8.7   13:27   SSW
11  71.9  85.6   14:46  59.5   05:29   1.2   8.1  0.00   0.7  11.3   13:11     W
12  73.4  87.3   15:03  62.6   06:10   0.3   8.6  0.00   0.8   6.1   16:26     S
13  73.1  85.3   14:38  61.7   23:57   0.1   8.3  0.00   1.3   7.9   08:58    NE
14  70.8  86.9   15:52  55.2   05:50   2.4   8.2  0.00   0.6   5.2   19:06   SSE
15  63.0  66.4   00:00  61.5   03:39   2.1   0.0  1.31   1.1   8.7   08:22   WSW
16  66.2  75.2   16:09  60.4   03:22   1.6   2.8  0.17   0.5   7.0   21:42     S
17  67.0  77.9   15:24  58.6   23:57   1.3   3.4  0.01   0.9   6.1   01:03   NNE
18  63.0  71.6   14:18  54.5   05:28   3.4   1.4  0.00   0.0   0.0   00:00     N
19  70.1  82.0   13:42  61.7   03:27   0.9   6.1  0.00   0.0   0.0   00:00     N
20  63.4  70.2   12:37  59.0   05:26   2.1   0.5  0.08   0.0   0.0   00:00     N
21  71.4  83.3   15:48  63.7   00:04   0.1   6.5  0.78   0.0   0.0   00:00     N
22  72.4  84.0   15:09  62.8   05:49   0.2   7.5  0.00   0.0   0.0   00:00     N
23  71.8  87.3   15:03  61.3   04:36   0.8   7.5  0.40   0.0   0.0   00:00     N
24  69.3  79.7   14:25  59.9   05:03   1.0   5.3  0.00   0.0   0.0   00:00     N
25  67.0  81.0   14:24  52.0   05:37   3.4   5.5  0.00   0.0   0.0   00:00     N
26  67.7  78.3   14:15  59.2   23:57   0.7   3.4  0.00   0.0   0.0   00:00     N
27  60.0  68.9   09:46  53.8   22:40   5.5   0.5  0.33   0.0   0.0   00:00     N
28  57.6  60.4   16:37  53.8   00:00   7.4   0.0  0.43   0.0   0.0   00:00     N
29  64.0  76.5   15:21  56.3   00:59   3.2   2.2  0.02   0.0   0.0   00:00     N
30  68.1  79.0   11:56  57.2   02:22   2.1   5.2  0.00   0.0   0.0   00:00     N
----------------------------------------------------------------------------------
    64.8  87.3    12    42.4     7   112.8 108.2  5.23   0.7  12.2     8     SSE

Max >=  90.0  0
Max <=  32.0  0
Min <=  45.0  2
Min <=  32.0  0
Max Rain: 1.31 on day 15
Days of Rain: 7 (>= 0.25 in)  3 (>= 0.50 in)  2 (>= 1.00 in)
Heat Base: 65.0  Cool Base: 65.0  Method: Integration