NOAA-Style Climate Reports

Select a Year or Month report
2019: Jan Feb Mar Apr May Jun Jul Aug Sep Oct Nov Dec
2018: Jan Feb Mar Apr May Jun Jul Aug Sep Oct Nov Dec
2017: Jan Feb Mar Apr May Jun Jul Aug Sep Oct Nov Dec
2016: Jan Feb Mar Apr May Jun Jul Aug Sep Oct Nov Dec
2015: Jan Feb Mar Apr May Jun Jul Aug Sep Oct Nov Dec
2014: Jan Feb Mar Apr May Jun Jul Aug Sep Oct Nov Dec
2013: Jan Feb Mar Apr May Jun Jul Aug Sep Oct Nov Dec
2012: Jan Feb Mar Apr May Jun Jul Aug Sep Oct Nov Dec
2011: Jan Feb Mar Apr May Jun Jul Aug Sep Oct Nov Dec

Report for 2015 February
                   Monthly Climatological Summary for Feb 2015

Name: Lighthouse Rd. Woodbury, CT   City: Woodbury   State: CT
Elevation: 472 ft  Lat: N 41 33 12   Lon: W 073 13 27

                  Temperature (?F), Rain (in), Wind Speed (mph)

                                      Heat  Cool        Avg
    Mean                              Deg   Deg         Wind                 Dom
Day Temp  High   Time   Low    Time   Days  Days  Rain  Speed High   Time    Dir
----------------------------------------------------------------------------------
01  19.7  36.5   13:52   1.2   05:33  45.1   0.0  0.01   0.8   8.9   12:02     E
02  17.8  26.1   00:00   8.8   23:47  47.2   0.0  0.00   4.8  16.1   09:54     N
03  12.0  26.4   15:10   3.7   23:32  52.8   0.0  0.00   2.3  16.9   03:03    SE
04  20.4  35.8   15:11   0.3   02:06  44.6   0.0  0.01   0.6   7.2   14:26   SSW
05  22.5  32.4   00:14   8.1   23:37  42.5   0.0  0.00   3.6  20.1   12:24     N
06  12.3  25.0   15:22   2.8   07:07  52.7   0.0  0.00   2.3  12.9   14:49     S
07  20.0  28.4   16:00   4.6   03:14  45.0   0.0  0.00   0.8   7.2   12:56     S
08  26.4  30.9   11:31  16.3   23:54  38.6   0.0  0.00   3.1  12.1   20:16     N
09  18.2  20.5   23:19  16.0   01:08  46.8   0.0  0.00   6.3  13.7   08:54     N
10  27.8  37.8   15:25  20.5   00:00  37.2   0.0  0.04   3.6  12.9   12:23     N
11  23.5  35.1   14:36  14.9   23:42  41.5   0.0  0.00   2.8  11.3   09:21     N
12  22.8  37.9   14:24  13.5   23:58  41.9   0.0  0.01   1.4  16.1   22:54     N
13   7.9  19.2   14:28  -3.6   23:49  56.7   0.0  0.00   3.3  16.9   11:44     N
14  10.1  24.1   15:37  -9.0   04:12  54.9   0.0  0.01   0.4   9.7   18:18    NW
15  11.5  19.4   02:08  -2.0   23:54  53.5   0.0  0.00   6.1  26.3   14:53     N
16   7.7  19.0   13:44  -5.6   05:23  57.3   0.0  0.00   3.9  19.2   12:55    NE
17  14.2  28.9   15:14   5.2   23:59  50.7   0.0  0.01   1.6   7.0   08:51   NNE
18  15.6  33.4   15:15  -3.3   06:59  49.4   0.0  0.00   1.2   8.7   14:55    SE
19  14.4  23.7   12:26   3.0   23:58  50.3   0.0  0.00   3.8  18.3   12:31   SSE
20   7.9  22.3   15:29  -3.5   06:44  57.1   0.0  0.00   3.4  18.3   11:39     S
21  13.3  26.6   23:23  -9.2   06:12  51.6   0.0  0.00   2.7  17.4   11:27     S
22  32.2  47.5   14:52  26.2   06:22  32.8   0.0  0.07   0.6   9.6   13:38     W
23  16.0  28.4   00:00  -2.7   23:40  49.0   0.0  0.00   2.9  14.0   05:45     N
24   6.3  21.0   13:23 -13.5   06:52  58.7   0.0  0.00   2.4  13.1   16:10     S
25  21.9  39.0   15:20   5.2   07:07  43.1   0.0  0.00   2.0  17.4   15:08     S
26  18.8  24.6   16:01  14.5   23:58  46.2   0.0  0.00   2.2  10.5   13:29     N
27  16.7  28.9   15:06   7.2   03:43  48.3   0.0  0.00   1.7  13.1   12:18     N
28  16.0  34.5   15:12  -0.2   06:37  49.0   0.0  0.00   1.4   8.7   15:46   NNW
----------------------------------------------------------------------------------
    16.9  47.5    22   -13.5    24  1344.5   0.0  0.16   2.6  26.3    15     NNE

Max >=  90.0  0
Max <=  32.0 18
Min <=  45.0 28
Min <=  32.0 28
Max Rain: 0.07 on day 22
Days of Rain: 0 (>= 0.25 in)  0 (>= 0.50 in)  0 (>= 1.00 in)
Heat Base: 65.0  Cool Base: 65.0  Method: Integration