NOAA-Style Climate Reports

Select a Year or Month report
2019: Jan Feb Mar Apr May Jun Jul Aug Sep Oct Nov Dec
2018: Jan Feb Mar Apr May Jun Jul Aug Sep Oct Nov Dec
2017: Jan Feb Mar Apr May Jun Jul Aug Sep Oct Nov Dec
2016: Jan Feb Mar Apr May Jun Jul Aug Sep Oct Nov Dec
2015: Jan Feb Mar Apr May Jun Jul Aug Sep Oct Nov Dec
2014: Jan Feb Mar Apr May Jun Jul Aug Sep Oct Nov Dec
2013: Jan Feb Mar Apr May Jun Jul Aug Sep Oct Nov Dec
2012: Jan Feb Mar Apr May Jun Jul Aug Sep Oct Nov Dec
2011: Jan Feb Mar Apr May Jun Jul Aug Sep Oct Nov Dec

Report for 2014 February
                   Monthly Climatological Summary for Feb 2014

Name: Lighthouse Rd. Woodbury, CT   City: Woodbury   State: CT
Elevation: 472 ft  Lat: N 41° 33' 12"   Lon: W 073° 13' 27"

                  Temperature (°F), Rain (in), Wind Speed (mph)

                                      Heat  Cool        Avg
    Mean                              Deg   Deg         Wind                 Dom
Day Temp  High   Time   Low    Time   Days  Days  Rain  Speed High   Time    Dir
----------------------------------------------------------------------------------
 1  34.6  43.3   14:26  27.9   07:21  30.4   0.0  0.00   2.1  11.0   11:48     S
 2  38.8  49.5   12:23  30.7   00:00  26.2   0.0  0.00   1.5   6.4   12:09   WNW
 3  30.5  36.1   00:00  23.2   23:54  34.5   0.0  0.01   1.1   7.2   02:45     N
 4  25.1  35.2   14:05  14.2   07:04  39.9   0.0  0.02   0.8   6.4   14:29   ENE
 5  27.2  30.4   14:49  24.8   23:55  37.8   0.0  0.02   2.2  11.8   10:18     N
 6  20.2  28.9   15:06  10.6   23:26  44.8   0.0  0.00   1.7   8.3   14:12     N
 7  18.4  32.5   15:10   3.0   06:45  46.7   0.0  0.01   1.6  11.8   10:56   SSW
 8  21.0  31.6   15:03   8.6   07:36  44.0   0.0  0.01   1.4   8.3   15:15     S
 9  21.4  30.9   14:03   9.7   07:05  43.6   0.0  0.02   1.6   9.1   17:34     S
10  20.0  28.9   15:14   6.8   23:54  45.0   0.0  0.01   2.0  12.9   11:42     N
11  11.7  25.2   15:25  -3.3   07:23  53.3   0.0  0.00   1.9   8.3   10:26     N
12  14.4  25.3   14:18  -2.0   07:14  50.6   0.0  0.00   2.2   9.1   18:13   ESE
13  26.6  32.4   22:39  19.6   00:00  38.4   0.0  0.00   6.5  19.1   15:50     N
14  32.3  40.8   15:25  27.3   03:33  32.7   0.0  0.27   3.0  22.8   12:25   SSW
15  28.3  34.3   12:31  21.2   04:55  36.7   0.0  0.01   2.9  12.9   13:23     N
16  24.2  32.2   12:08  17.8   23:47  40.7   0.0  0.05   4.3  20.9   01:40     N
17  19.0  30.2   14:40   9.0   23:55  46.0   0.0  0.00   3.6  17.4   01:22     N
18  21.6  30.4   16:08   9.0   00:00  43.4   0.0  0.00   2.1   7.2   06:16   NNW
19  26.9  36.5   23:23  12.9   06:07  38.0   0.0  0.07   1.4   7.2   22:54    NW
20  38.4  50.9   14:13  26.6   07:03  26.6   0.0  0.09   2.7  11.0   01:08   SSW
21  36.5  43.2   18:19  32.9   23:56  28.5   0.0  0.17   2.8   9.9   17:35   NNW
22  39.8  53.1   15:19  26.4   06:42  25.2   0.0  0.01   2.5  20.1   13:27    SW
23  39.5  51.3   13:31  27.1   06:57  25.4   0.0  0.00   1.4   7.2   13:55    SW
24  31.2  40.1   01:55  21.4   23:42  33.9   0.0  0.00   3.9  22.0   12:55   SSW
25  22.4  31.3   15:27  15.3   23:59  42.6   0.0  0.00   2.7  19.1   12:59     S
26  16.9  30.9   13:58   7.5   04:47  48.1   0.0  0.00   2.3  17.4   14:42   SSW
27  15.9  31.5   12:19   1.9   06:24  49.1   0.0  0.00   4.0  19.1   13:21   SSW
28  12.2  21.7   15:14   3.0   06:37  53.1   0.0  0.00   2.2   9.9   09:26   NNE
----------------------------------------------------------------------------------
    25.5  53.1    22    -3.3    11  1105.2   0.0  0.77   2.4  22.8    14      NW

Max >=  90.0:  0
Max <=  32.0: 13
Min <=  45.0: 28
Min <=  32.0: 27
Max Rain: 0.27 on day 14
Days of Rain: 1 (>= 0.25 in)  0 (>= 0.50 in)  0 (>= 1.00 in)
Heat Base: 65.0  Cool Base: 65.0  Method: Integration