NOAA-Style Climate Reports

Select a Year or Month report
2019: Jan Feb Mar Apr May Jun Jul Aug Sep Oct Nov Dec
2018: Jan Feb Mar Apr May Jun Jul Aug Sep Oct Nov Dec
2017: Jan Feb Mar Apr May Jun Jul Aug Sep Oct Nov Dec
2016: Jan Feb Mar Apr May Jun Jul Aug Sep Oct Nov Dec
2015: Jan Feb Mar Apr May Jun Jul Aug Sep Oct Nov Dec
2014: Jan Feb Mar Apr May Jun Jul Aug Sep Oct Nov Dec
2013: Jan Feb Mar Apr May Jun Jul Aug Sep Oct Nov Dec
2012: Jan Feb Mar Apr May Jun Jul Aug Sep Oct Nov Dec
2011: Jan Feb Mar Apr May Jun Jul Aug Sep Oct Nov Dec

Report for 2013 February
                   Monthly Climatological Summary for Feb 2013

Name: Lighthouse Rd. Woodbury, CT   City: Woodbury   State: CT
Elevation: 472 ft  Lat: N 41° 33' 12"   Lon: W 073° 13' 27"

                  Temperature (°F), Rain (in), Wind Speed (mph)

                                      Heat  Cool        Avg
    Mean                              Deg   Deg         Wind                 Dom
Day Temp  High   Time   Low    Time   Days  Days  Rain  Speed High   Time    Dir
----------------------------------------------------------------------------------
 1  25.3  31.1   12:50  19.9   22:39  39.7   0.0  0.00   4.3  19.1   01:48   SSW
 2  22.4  31.1   13:50  14.0   07:02  42.6   0.0  0.00   3.6  13.7   14:40   SSW
 3  23.0  30.9   14:02  15.3   07:25  42.0   0.0  0.04   1.5   7.2   10:33    NE
 4  23.3  31.5   14:57  16.7   01:07  41.7   0.0  0.00   2.9  17.4   13:41   SSW
 5  23.8  27.5   15:38  20.1   01:06  41.2   0.0  0.00   1.2   5.4   11:17    NE
 6  29.7  39.0   13:54  24.3   22:38  35.3   0.0  0.02   2.1  11.0   10:10     S
 7  24.0  34.0   14:49  15.4   07:07  41.0   0.0  0.00   2.1   7.2   13:17    SE
 8  26.6  29.1   14:23  21.9   23:49  38.4   0.0  0.01   6.9  22.0   21:34     N
 9  20.3  23.7   15:23  14.4   23:24  44.7   0.0  0.00   5.9  22.8   13:57     N
10  21.5  37.8   14:34   7.2   07:25  43.5   0.0  0.00   1.6   9.1   01:14   NNW
11  32.2  41.2   17:39  17.4   00:29  33.0   0.0  0.33   0.8   7.2   17:04   WSW
12  38.7  47.1   13:42  34.3   23:39  26.3   0.0  0.00   3.2  20.9   14:02   SSW
13  35.2  45.5   15:07  24.4   06:39  29.9   0.0  0.00   1.6   8.3   12:25     S
14  34.5  45.3   15:24  25.2   07:03  30.5   0.0  0.06   1.2   9.9   14:03    NW
15  37.4  53.2   15:25  25.0   06:37  27.6   0.0  0.00   2.1  13.7   13:16   SSW
16  32.1  39.6   14:07  27.0   21:32  32.9   0.0  0.09   2.0   8.3   20:42     N
17  22.7  29.8   15:11  14.5   23:39  42.2   0.0  0.00   6.0  27.4   12:58     N
18  22.6  34.9   15:14  12.4   06:21  42.4   0.0  0.00   3.5  15.6   03:57   SSE
19  32.3  43.9   12:27  18.5   06:44  32.7   0.0  0.24   2.2  12.9   14:02   SSW
20  29.4  36.7   00:00  21.2   23:31  35.6   0.0  0.01   3.9  20.9   10:05     S
21  24.6  33.6   12:04  20.1   03:57  40.4   0.0  0.00   4.7  16.4   12:38    NE
22  28.8  38.3   13:09  17.1   05:40  36.2   0.0  0.00   2.3   8.3   11:08    SE
23  34.0  36.9   13:37  32.4   01:52  31.0   0.0  0.11   2.3   8.3   18:51   NNE
24  36.0  42.4   14:16  31.8   21:07  28.9   0.0  0.02   3.2  17.4   18:58     N
25  36.3  47.7   13:23  27.9   06:47  28.7   0.0  0.00   2.4   9.9   12:30     N
26  34.1  42.8   09:59  24.8   05:30  31.5   0.0  0.07   3.1  11.8   22:44     E
27  38.3  42.4   11:53  32.7   00:00  26.7   0.0  0.91   6.2  18.3   06:38   NNE
28  38.8  49.8   12:58  31.8   02:42  26.2   0.0  0.00   1.3   9.1   12:07     W
----------------------------------------------------------------------------------
    29.6  53.2    15     7.2    10   992.8   0.0  1.91   3.0  27.4    17     NNE

Max >=  90.0:  0
Max <=  32.0:  8
Min <=  45.0: 28
Min <=  32.0: 25
Max Rain: 0.91 on day 27
Days of Rain: 2 (>= 0.25 in)  1 (>= 0.50 in)  0 (>= 1.00 in)
Heat Base: 65.0  Cool Base: 65.0  Method: Integration