NOAA-Style Climate Reports

Select a Year or Month report
2019: Jan Feb Mar Apr May Jun Jul Aug Sep Oct Nov Dec
2018: Jan Feb Mar Apr May Jun Jul Aug Sep Oct Nov Dec
2017: Jan Feb Mar Apr May Jun Jul Aug Sep Oct Nov Dec
2016: Jan Feb Mar Apr May Jun Jul Aug Sep Oct Nov Dec
2015: Jan Feb Mar Apr May Jun Jul Aug Sep Oct Nov Dec
2014: Jan Feb Mar Apr May Jun Jul Aug Sep Oct Nov Dec
2013: Jan Feb Mar Apr May Jun Jul Aug Sep Oct Nov Dec
2012: Jan Feb Mar Apr May Jun Jul Aug Sep Oct Nov Dec
2011: Jan Feb Mar Apr May Jun Jul Aug Sep Oct Nov Dec

Report for 2012 November
                   Monthly Climatological Summary for Nov 2012

Name: Lighthouse Rd. Woodbury, CT   City: Woodbury   State: CT
Elevation: 472 ft  Lat: N 41° 33' 12"   Lon: W 073° 13' 27"

                  Temperature (°F), Rain (in), Wind Speed (mph)

                                      Heat  Cool        Avg
    Mean                              Deg   Deg         Wind                 Dom
Day Temp  High   Time   Low    Time   Days  Days  Rain  Speed High   Time    Dir
----------------------------------------------------------------------------------
 1  45.9  52.5   14:08  39.6   07:17  19.1   0.0  0.00   1.6   7.6   10:28     S
 2  46.0  53.8   13:03  41.7   23:45  18.9   0.0  0.00   1.7   9.8   13:05   SSE
 3  43.1  51.3   13:00  38.3   06:37  21.8   0.0  0.00   3.7  12.1   10:55    NE
 4  41.5  51.3   13:23  36.0   06:16  24.4   0.0  0.00   2.5  11.4   08:36   NNE
 5  36.0  43.3   11:20  28.8   23:56  29.0   0.0  0.00   2.2  10.7   11:10     N
 6  31.7  43.7   14:28  19.4   06:37  33.3   0.0  0.00   1.7   6.0   11:58   NNE
 7  32.2  36.7   09:22  29.3   17:19  32.8   0.0  0.00   4.4  15.9   10:47     N
 8  36.7  41.5   13:21  30.4   00:00  28.3   0.0  0.00   3.7  12.1   09:13     N
 9  42.4  53.4   14:09  33.1   05:47  22.6   0.0  0.00   2.8  14.5   11:18     N
10  46.5  57.0   14:19  36.5   04:46  18.5   0.0  0.00   1.0   5.4   12:15    SW
11  51.4  66.0   14:39  38.8   06:47  13.6   0.0  0.00   1.8   7.6   11:21   SSW
12  54.0  65.1   14:45  41.7   05:07  11.0   0.0  0.00   2.6  10.7   15:11     S
13  46.2  61.5   02:22  34.7   23:54  18.8   0.0  0.12   2.4   8.3   01:30     W
14  37.3  47.8   14:15  28.9   06:40  27.7   0.0  0.00   2.0   8.3   09:45     N
15  35.9  45.9   13:17  27.0   02:23  29.1   0.0  0.00   1.7   9.2   09:39     N
16  35.8  50.2   14:24  28.0   05:25  29.3   0.0  0.00   1.1   4.5   10:01   NNE
17  37.5  52.9   13:13  26.1   05:36  27.6   0.0  0.00   1.7   5.4   10:09   NNW
18  37.6  49.3   13:38  27.3   03:58  27.6   0.0  0.00   2.0   6.0   10:50     N
19  38.0  52.2   23:08  29.3   23:35  27.0   0.0  0.00   1.9   6.9   10:43     N
20  35.9  50.2   13:55  25.2   07:10  29.1   0.0  0.00   1.0   6.9   11:39     E
21  41.0  53.2   14:36  31.5   07:17  24.1   0.0  0.00   1.6   7.6   10:13     N
22  41.0  57.7   14:47  28.8   07:03  24.0   0.0  0.00   1.0   4.5   11:38     E
23  40.6  57.9   13:34  26.8   06:58  24.4   0.0  0.02   1.6   8.3   14:11     S
24  39.7  45.7   10:34  30.9   21:44  25.3   0.0  0.00   3.1  20.6   11:34     S
25  33.9  39.4   13:18  31.1   05:46  31.1   0.0  0.00   2.4  15.9   11:44   SSW
26  36.4  48.0   13:34  26.2   23:07  28.6   0.0  0.00   1.7  15.2   11:39     S
27  30.7  33.4   16:11  25.3   00:14  34.3   0.0  0.07   0.8   3.8   14:14    NW
28  33.4  40.6   11:17  25.3   23:48  31.6   0.0  0.00   1.3   8.3   14:07   NNW
29  31.4  44.1   13:36  20.8   04:25  33.6   0.0  0.01   0.9   9.8   11:46   SSW
30  32.0  41.2   11:09  26.4   05:54  33.0   0.0  0.00   2.3   6.9   11:02     N
----------------------------------------------------------------------------------
    39.1  66.0    11    19.4     6   779.5   0.0  0.22   2.0  20.6    24       N

Max >=  90.0:  0
Max <=  32.0:  0
Min <=  45.0: 30
Min <=  32.0: 21
Max Rain: 0.12 on day 13
Days of Rain: 0 (>= 0.25 in)  0 (>= 0.50 in)  0 (>= 1.00 in)
Heat Base: 65.0  Cool Base: 65.0  Method: Integration