NOAA-Style Climate Reports

Select a Year or Month report
2019: Jan Feb Mar Apr May Jun Jul Aug Sep Oct Nov Dec
2018: Jan Feb Mar Apr May Jun Jul Aug Sep Oct Nov Dec
2017: Jan Feb Mar Apr May Jun Jul Aug Sep Oct Nov Dec
2016: Jan Feb Mar Apr May Jun Jul Aug Sep Oct Nov Dec
2015: Jan Feb Mar Apr May Jun Jul Aug Sep Oct Nov Dec
2014: Jan Feb Mar Apr May Jun Jul Aug Sep Oct Nov Dec
2013: Jan Feb Mar Apr May Jun Jul Aug Sep Oct Nov Dec
2012: Jan Feb Mar Apr May Jun Jul Aug Sep Oct Nov Dec
2011: Jan Feb Mar Apr May Jun Jul Aug Sep Oct Nov Dec

Report for 2012 September
                   Monthly Climatological Summary for Sep 2012

Name: Lighthouse Rd. Woodbury, CT   City: Woodbury   State: CT
Elevation: 472 ft  Lat: N 41° 33' 12"   Lon: W 073° 13' 27"

                  Temperature (°F), Rain (in), Wind Speed (mph)

                                      Heat  Cool        Avg
    Mean                              Deg   Deg         Wind                 Dom
Day Temp  High   Time   Low    Time   Days  Days  Rain  Speed High   Time    Dir
----------------------------------------------------------------------------------
 1  73.7  87.4   15:20  62.6   06:08   0.3   9.0  0.00   1.4   6.9   18:20     S
 2  70.6  82.4   15:08  62.8   06:43   0.1   5.7  0.00   1.0   6.0   17:51   WSW
 3  67.8  77.2   13:38  59.7   06:57   0.9   3.7  0.00   1.3   5.4   12:42   SSE
 4  71.0  77.4   14:57  66.0   03:56   0.0   6.0  0.07   1.0   3.8   13:32    SW
 5  73.7  81.7   15:52  66.4   23:57   0.0   8.7  1.37   1.4   8.3   02:56     S
 6  69.2  79.3   15:27  61.0   06:53   0.7   4.9  0.00   0.5   3.8   13:04     S
 7  73.8  85.3   16:06  64.4   07:06   0.0   8.7  0.00   0.3   0.7   00:57   SSW
17  63.8  80.6   23:29  56.5   23:58   0.1   0.1  0.00   0.8  13.6   23:52   ESE
18  64.4  71.2   16:53  52.9   02:05   2.8   2.3  1.51   3.5  17.4   16:57     S
19  59.8  67.3   00:00  48.2   23:38   5.5   0.3  0.06   1.9   8.3   10:14    SE
20  55.3  65.3   14:44  43.3   04:38   9.7   0.0  0.00   1.2   5.4   11:41   ENE
21  58.2  73.9   15:33  49.6   06:07   7.8   1.0  0.00   0.8   3.8   10:47   SSW
22  60.7  68.9   15:06  51.1   00:16   5.0   0.8  0.39   1.3   9.2   22:14     S
23  57.1  66.6   15:23  45.7   23:53   8.0   0.0  0.01   1.4   9.2   10:08    SE
24  51.0  65.1   16:08  41.5   03:40  14.0   0.0  0.00   1.1   9.2   12:53   SSE
25  54.0  80.6   20:44  37.4   06:10  11.6   0.9  0.00   1.1   9.2   12:48   SSE
26  61.9  68.0   16:27  55.2   01:35   3.4   0.4  0.05   0.8   6.9   11:27    SW
27  63.3  73.9   15:49  56.8   21:32   3.2   1.5  0.00   0.9   4.5   10:40   NNE
28  55.0  57.2   00:00  53.1   02:32  10.0   0.0  0.41   1.5   3.8   06:27     N
29  56.1  59.5   15:03  54.0   07:31   8.9   0.0  0.00   0.6   3.1   08:29   NNE
30  56.7  67.5   15:57  49.3   23:34   8.4   0.1  0.00   0.9  13.0   16:58   ENE
----------------------------------------------------------------------------------
    62.7  87.4     1    37.4    25   100.4  54.1  3.87   1.2  17.4    18     SSE

Max >=  90.0:  0
Max <=  32.0:  0
Min <=  45.0:  3
Min <=  32.0:  0
Max Rain: 1.51 on day 18
Days of Rain: 4 (>= 0.25 in)  2 (>= 0.50 in)  2 (>= 1.00 in)
Heat Base: 65.0  Cool Base: 65.0  Method: Integration