NOAA-Style Climate Reports

Select a Year or Month report
2019: Jan Feb Mar Apr May Jun Jul Aug Sep Oct Nov Dec
2018: Jan Feb Mar Apr May Jun Jul Aug Sep Oct Nov Dec
2017: Jan Feb Mar Apr May Jun Jul Aug Sep Oct Nov Dec
2016: Jan Feb Mar Apr May Jun Jul Aug Sep Oct Nov Dec
2015: Jan Feb Mar Apr May Jun Jul Aug Sep Oct Nov Dec
2014: Jan Feb Mar Apr May Jun Jul Aug Sep Oct Nov Dec
2013: Jan Feb Mar Apr May Jun Jul Aug Sep Oct Nov Dec
2012: Jan Feb Mar Apr May Jun Jul Aug Sep Oct Nov Dec
2011: Jan Feb Mar Apr May Jun Jul Aug Sep Oct Nov Dec

Report for 2012 January
                   Monthly Climatological Summary for Jan 2012

Name: Lighthouse Rd. Woodbury, CT   City: Woodbury   State: CT
Elevation: 472 ft  Lat: N 41° 33' 12"   Lon: W 073° 13' 27"

                  Temperature (°F), Rain (in), Wind Speed (mph)

                                      Heat  Cool        Avg
    Mean                              Deg   Deg         Wind                 Dom
Day Temp  High   Time   Low    Time   Days  Days  Rain  Speed High   Time    Dir
----------------------------------------------------------------------------------
 1  40.4  52.3   13:42  30.2   06:57  24.6   0.0  0.17   1.3  10.7   14:51   SSW
 2  37.1  46.2   00:00  28.4   23:52  28.2   0.0  0.01   1.1  15.2   09:07   SSW
 3  21.5  28.4   00:00   9.9   23:56  43.9   0.0  0.00   1.4  13.6   15:03     N
 4  16.6  24.3   15:47   8.8   03:25  48.4   0.0  0.00   0.9  10.7   00:56    SE
 5  29.0  38.7   13:49  18.0   00:00  36.0   0.0  0.00   0.5  11.4   12:09     S
 6  37.8  47.7   15:17  28.4   00:55  27.1   0.0  0.00   0.5   9.8   11:37     S
 7  43.1  61.0   13:48  27.9   06:51  21.9   0.0  0.00   0.5  10.7   13:23   SSW
 8  35.7  44.6   13:48  27.0   23:47  29.4   0.0  0.00   0.6   9.2   12:59   NNE
 9  30.5  42.6   13:49  21.7   07:37  34.1   0.0  0.00   0.7   7.6   13:32     S
10  34.4  46.4   12:55  23.9   07:08  30.8   0.0  0.00   0.5   9.2   14:12   SSW
11  34.5  46.2   13:51  23.0   05:55  30.5   0.0  0.00   1.0   8.3   12:25   SSE
12  36.0  38.3   12:26  34.2   01:56  29.2   0.0  0.46   2.3  18.3   10:51     N
13  33.7  46.4   08:58  26.4   22:11  31.6   0.0  0.07   2.9  22.8   14:21   SSW
14  27.2  34.0   13:27  19.0   23:56  37.8   0.0  0.00   3.3  13.0   11:33     S
15  13.3  19.2   13:53   6.4   07:34  51.4   0.0  0.00   3.2  10.7   04:25   NNE
16  19.3  32.2   20:29   5.0   07:23  45.9   0.0  0.00   2.9   9.8   12:03     S
17  35.8  43.7   23:35  30.0   00:00  29.2   0.0  0.09   1.3   4.5   11:33    SW
18  33.0  46.4   03:09  16.7   23:58  32.3   0.0  0.01   3.8  18.3   03:34    NW
19  21.3  30.2   13:41   9.7   05:42  43.7   0.0  0.00   1.8   7.6   13:55     S
20  25.4  29.8   01:10  19.0   23:30  39.6   0.0  0.00   2.3  12.1   10:24     N
21  19.3  23.0   14:53  15.1   23:53  45.7   0.0  0.02   2.6  13.0   14:33     N
22  21.8  29.3   14:24  10.9   06:44  43.5   0.0  0.00   2.2   6.9   10:18     N
23  35.1  48.0   23:49  27.5   00:33  29.9   0.0  0.26   2.4   6.0   07:48    NW
24  45.0  52.5   12:42  36.7   23:54  20.0   0.0  0.01   2.4  14.5   10:51   SSW
25  35.7  41.9   13:47  30.9   23:07  29.3   0.0  0.00   1.7   9.8   12:49   NNW
26  33.6  37.6   12:05  30.4   07:19  31.4   0.0  0.26   1.3   6.9   15:29   NNE
27  39.7  50.0   17:09  35.1   00:00  25.3   0.0  0.34   2.8  12.1   17:05    NW
28  37.8  46.4   13:31  31.3   07:17  27.2   0.0  0.00   2.9   9.8   01:18   SSW
29  35.9  43.0   14:37  30.4   07:21  29.1   0.0  0.00   3.2  18.3   00:44   SSW
30  32.1  38.7   10:20  26.1   21:13  32.9   0.0  0.00   2.6  12.1   03:18     S
31  39.8  57.0   15:17  27.1   00:00  25.2   0.0  0.00   1.7  11.4   12:44   SSW
----------------------------------------------------------------------------------
    31.7  61.0     7     5.0    16  1035.1   0.0  1.70   1.9  22.8    13     WSW

Max >=  90.0:  0
Max <=  32.0:  7
Min <=  45.0: 31
Min <=  32.0: 28
Max Rain: 0.46 on day 12
Days of Rain: 4 (>= 0.25 in)  0 (>= 0.50 in)  0 (>= 1.00 in)
Heat Base: 65.0  Cool Base: 65.0  Method: Integration