NOAA-Style Climate Reports

Select a Year or Month report
2019: Jan Feb Mar Apr May Jun Jul Aug Sep Oct Nov Dec
2018: Jan Feb Mar Apr May Jun Jul Aug Sep Oct Nov Dec
2017: Jan Feb Mar Apr May Jun Jul Aug Sep Oct Nov Dec
2016: Jan Feb Mar Apr May Jun Jul Aug Sep Oct Nov Dec
2015: Jan Feb Mar Apr May Jun Jul Aug Sep Oct Nov Dec
2014: Jan Feb Mar Apr May Jun Jul Aug Sep Oct Nov Dec
2013: Jan Feb Mar Apr May Jun Jul Aug Sep Oct Nov Dec
2012: Jan Feb Mar Apr May Jun Jul Aug Sep Oct Nov Dec
2011: Jan Feb Mar Apr May Jun Jul Aug Sep Oct Nov Dec

Report for 2011 August
                   Monthly Climatological Summary for Aug 2011

Name: Lighthouse Rd. Woodbury, CT   City: Woodbury   State: CT
Elevation: 472 ft  Lat: N 41° 33' 12"   Lon: W 073° 13' 27"

                  Temperature (°F), Rain (in), Wind Speed (mph)

                                      Heat  Cool        Avg
    Mean                              Deg   Deg         Wind                 Dom
Day Temp  High   Time   Low    Time   Days  Days  Rain  Speed High   Time    Dir
----------------------------------------------------------------------------------
13  68.6  81.3   16:07  55.4   06:21   0.0   0.0  0.00   0.1   4.5   14:38   SSW
14  66.5  68.4   09:10  65.3   02:49   0.0   0.0  1.04   0.3   8.3   10:47    SW
15  67.5  70.7   15:42  62.8   23:43   0.0   0.0  1.50   0.2   3.8   03:13   NNW
16  65.2  73.8   15:20  60.6   06:08   0.0   0.0  0.06   0.2   6.0   15:49     S
17  69.8  85.8   15:37  56.1   06:16   0.0   0.0  0.00   0.1   4.5   12:25   WSW
18  69.8  83.3   15:30  59.4   05:11   0.0   0.0  0.00   0.2   7.6   15:07    SW
19  70.7  81.9   15:36  63.9   07:19   0.0   0.0  0.01   0.4   7.6   19:14     S
20  71.3  84.7   14:54  61.9   06:39   0.0   0.0  0.00   0.2   5.4   13:02    SW
21  68.2  81.9   13:08  61.7   04:54   0.0   0.0  0.61   0.4  17.4   18:24   SSW
22  67.3  76.1   15:57  57.7   23:51   0.0   0.0  0.00   0.4   9.2   15:22   SSE
23  64.2  77.5   15:54  54.0   06:47   0.0   0.0  0.00   0.3   6.9   13:56     S
24  65.5  78.3   14:30  53.1   06:08   0.0   0.0  0.00   0.7   9.8   15:32     S
25  70.1  74.5   13:54  64.8   04:30   0.0   0.0  0.17   0.2   5.4   08:17   SSW
26  73.1  84.4   14:54  65.7   06:23   0.0   0.0  0.00   0.2   4.5   10:26   NNE
27  68.9  73.0   16:08  64.2   03:11   0.0   0.0  2.48   0.3   4.5   22:46     N
28  69.9  73.8   04:35  63.0   23:35   0.0   0.0  5.95   2.9  45.6   07:36     E
29  64.0  75.9   16:05  54.9   06:35   0.0   0.0  0.00   0.4   4.5   00:05    SE
30  66.5  80.1   15:05  51.6   06:05   0.0   0.0  0.00   0.2   3.1   11:05    NE
31  67.8  83.3   15:05  54.5   06:35   0.0   0.0  0.00   0.1   2.2   11:35     S
----------------------------------------------------------------------------------
    68.2  85.8    17    51.6    30     0.0   0.0 11.82   0.4  45.6    28      SE

Max >=  90.0:  0
Max <=  32.0:  0
Min <=  70.0: 19
Min <=  32.0:  0
Max Rain: 5.95 on day 28
Days of Rain: 5 (>= 0.25 in)  5 (>= 0.50 in)  4 (>= 1.00 in)
Heat Base: 65.0  Cool Base: 65.0  Method: Integration